{"id":34003,"date":"2023-06-09T16:47:26","date_gmt":"2023-06-09T14:47:26","guid":{"rendered":"https:\/\/www.ungarn-in-sachsen.de\/veranstaltung\/jo-reggelt-europa\/"},"modified":"2023-08-26T13:46:57","modified_gmt":"2023-08-26T11:46:57","slug":"jo-reggelt-europa","status":"publish","type":"tribe_events","link":"https:\/\/www.ungarn-in-sachsen.de\/hu\/veranstaltung\/jo-reggelt-europa\/","title":{"rendered":"J\u00f3 reggelt, Eur\u00f3pa"},"content":{"rendered":"<p>A Chemnitz \u00e9s K\u00f6rny\u00e9ke Magyar Kultur\u00e1lis Egyes\u00fclet e.V. bemutatkozik a rendezv\u00e9nyen<\/p>\n<p style=\"text-align: center;\"><strong>J\u00d3 REGGELT, EUR\u00d3PA<\/strong><\/p>\n<p style=\"text-align: center;\"><strong>Kultur\u00e1lis Bisztr\u00f3 2023.06.17-\u00e9n 10 \u00f3r\u00e1t\u00f3l 14 \u00f3r\u00e1ig<\/strong><\/p>\n<p style=\"text-align: center;\"><strong>Am Gro\u00dfen Springbrunnen im Rosenhof (B\u00fcrgerhaus City)<\/strong><\/p>\n<p style=\"text-align: center;\">Zene \u00e9s t\u00e1nc \u00a0 I \u00a0 Kreat\u00edv k\u00e9zm\u0171vess\u00e9g \u00a0 I \u00a0 \u00c9tel \u00e9s ital \u00a0 I \u00a0 Besz\u00e9lget\u00e9sek I \u00a0 Inform\u00e1ci\u00f3k \u00a0 I \u00a0 Kultur\u00e1lis f\u0151v\u00e1ros, ahol r\u00e9szt lehet venni<\/p>\n<p>J\u00f6jj\u00f6n \u00e9s l\u00e1togasson el hozz\u00e1nk sz\u00edvesen \ud83d\ude42<\/p>\n","protected":false},"excerpt":{"rendered":"<p>A Chemnitz \u00e9s K\u00f6rny\u00e9ke Magyar Kultur\u00e1lis Egyes\u00fclet e.V. bemutatkozik a rendezv\u00e9nyen J\u00d3 REGGELT, EUR\u00d3PA Kultur\u00e1lis Bisztr\u00f3 2023.06.17-\u00e9n 10 \u00f3r\u00e1t\u00f3l 14 \u00f3r\u00e1ig Am Gro\u00dfen Springbrunnen im Rosenhof (B\u00fcrgerhaus City) Zene \u00e9s [&hellip;]<\/p>\n","protected":false},"author":7,"featured_media":0,"template":"","meta":{"_et_pb_use_builder":"","_et_pb_old_content":"","_et_gb_content_width":"","_tribe_events_status":"","_tribe_events_status_reason":"","footnotes":""},"tags":[],"tribe_events_cat":[130],"class_list":["post-34003","tribe_events","type-tribe_events","status-publish","hentry","tribe_events_cat-kuelso-szolgaltatoi-rendezveny","cat_kuelso-szolgaltatoi-rendezveny"],"yoast_head":"<!-- This site is optimized with the Yoast SEO plugin v27.4 - https:\/\/yoast.com\/product\/yoast-seo-wordpress\/ -->\n<title>J\u00f3 reggelt, Eur\u00f3pa - Ungarischer Kulturverein Chemnitz und Umgebung e. V.<\/title>\n<meta name=\"robots\" content=\"index, follow, max-snippet:-1, max-image-preview:large, max-video-preview:-1\" \/>\n<link rel=\"canonical\" href=\"https:\/\/www.ungarn-in-sachsen.de\/hu\/veranstaltung\/jo-reggelt-europa\/\" \/>\n<meta property=\"og:locale\" content=\"hu_HU\" \/>\n<meta property=\"og:type\" content=\"article\" \/>\n<meta property=\"og:title\" content=\"J\u00f3 reggelt, Eur\u00f3pa - Ungarischer Kulturverein Chemnitz und Umgebung e. V.\" \/>\n<meta property=\"og:description\" content=\"A Chemnitz \u00e9s K\u00f6rny\u00e9ke Magyar Kultur\u00e1lis Egyes\u00fclet e.V. bemutatkozik a rendezv\u00e9nyen J\u00d3 REGGELT, EUR\u00d3PA Kultur\u00e1lis Bisztr\u00f3 2023.06.17-\u00e9n 10 \u00f3r\u00e1t\u00f3l 14 \u00f3r\u00e1ig Am Gro\u00dfen Springbrunnen im Rosenhof (B\u00fcrgerhaus City) Zene \u00e9s [&hellip;]\" \/>\n<meta property=\"og:url\" content=\"https:\/\/www.ungarn-in-sachsen.de\/hu\/veranstaltung\/jo-reggelt-europa\/\" \/>\n<meta property=\"og:site_name\" content=\"Ungarischer Kulturverein Chemnitz und Umgebung e. V.\" \/>\n<meta property=\"article:publisher\" content=\"https:\/\/www.facebook.com\/Ungarischer-Kulturverein-Chemnitz-und-Umgebung-eV-229421257171599\/\" \/>\n<meta property=\"article:modified_time\" content=\"2023-08-26T11:46:57+00:00\" \/>\n<meta name=\"twitter:card\" content=\"summary_large_image\" \/>\n<script type=\"application\/ld+json\" class=\"yoast-schema-graph\">{\"@context\":\"https:\\\/\\\/schema.org\",\"@graph\":[{\"@type\":\"WebPage\",\"@id\":\"https:\\\/\\\/www.ungarn-in-sachsen.de\\\/hu\\\/veranstaltung\\\/jo-reggelt-europa\\\/\",\"url\":\"https:\\\/\\\/www.ungarn-in-sachsen.de\\\/hu\\\/veranstaltung\\\/jo-reggelt-europa\\\/\",\"name\":\"J\u00f3 reggelt, Eur\u00f3pa - Ungarischer Kulturverein Chemnitz und Umgebung e. V.\",\"isPartOf\":{\"@id\":\"https:\\\/\\\/www.ungarn-in-sachsen.de\\\/hu\\\/#website\"},\"datePublished\":\"2023-06-09T14:47:26+00:00\",\"dateModified\":\"2023-08-26T11:46:57+00:00\",\"breadcrumb\":{\"@id\":\"https:\\\/\\\/www.ungarn-in-sachsen.de\\\/hu\\\/veranstaltung\\\/jo-reggelt-europa\\\/#breadcrumb\"},\"inLanguage\":\"hu\",\"potentialAction\":[{\"@type\":\"ReadAction\",\"target\":[\"https:\\\/\\\/www.ungarn-in-sachsen.de\\\/hu\\\/veranstaltung\\\/jo-reggelt-europa\\\/\"]}]},{\"@type\":\"BreadcrumbList\",\"@id\":\"https:\\\/\\\/www.ungarn-in-sachsen.de\\\/hu\\\/veranstaltung\\\/jo-reggelt-europa\\\/#breadcrumb\",\"itemListElement\":[{\"@type\":\"ListItem\",\"position\":1,\"name\":\"Startseite\",\"item\":\"https:\\\/\\\/www.ungarn-in-sachsen.de\\\/hu\\\/\"},{\"@type\":\"ListItem\",\"position\":2,\"name\":\"Esem\u00e9nyek\",\"item\":\"https:\\\/\\\/www.ungarn-in-sachsen.de\\\/hu\\\/kalender\\\/\"},{\"@type\":\"ListItem\",\"position\":3,\"name\":\"J\u00f3 reggelt, Eur\u00f3pa\"}]},{\"@type\":\"WebSite\",\"@id\":\"https:\\\/\\\/www.ungarn-in-sachsen.de\\\/hu\\\/#website\",\"url\":\"https:\\\/\\\/www.ungarn-in-sachsen.de\\\/hu\\\/\",\"name\":\"Ungarischer Kulturverein Chemnitz und Umgebung e. V.\",\"description\":\"Treffpunkt f\u00fcr Freunde der ungarischen Kultur\",\"publisher\":{\"@id\":\"https:\\\/\\\/www.ungarn-in-sachsen.de\\\/hu\\\/#organization\"},\"potentialAction\":[{\"@type\":\"SearchAction\",\"target\":{\"@type\":\"EntryPoint\",\"urlTemplate\":\"https:\\\/\\\/www.ungarn-in-sachsen.de\\\/hu\\\/?s={search_term_string}\"},\"query-input\":{\"@type\":\"PropertyValueSpecification\",\"valueRequired\":true,\"valueName\":\"search_term_string\"}}],\"inLanguage\":\"hu\"},{\"@type\":\"Organization\",\"@id\":\"https:\\\/\\\/www.ungarn-in-sachsen.de\\\/hu\\\/#organization\",\"name\":\"Ungarischer Kulturverein Chemnitz und Umgebung e.V.\",\"url\":\"https:\\\/\\\/www.ungarn-in-sachsen.de\\\/hu\\\/\",\"logo\":{\"@type\":\"ImageObject\",\"inLanguage\":\"hu\",\"@id\":\"https:\\\/\\\/www.ungarn-in-sachsen.de\\\/hu\\\/#\\\/schema\\\/logo\\\/image\\\/\",\"url\":\"https:\\\/\\\/www.ungarn-in-sachsen.de\\\/wp-content\\\/uploads\\\/2019\\\/04\\\/logo.jpg\",\"contentUrl\":\"https:\\\/\\\/www.ungarn-in-sachsen.de\\\/wp-content\\\/uploads\\\/2019\\\/04\\\/logo.jpg\",\"width\":266,\"height\":170,\"caption\":\"Ungarischer Kulturverein Chemnitz und Umgebung e.V.\"},\"image\":{\"@id\":\"https:\\\/\\\/www.ungarn-in-sachsen.de\\\/hu\\\/#\\\/schema\\\/logo\\\/image\\\/\"},\"sameAs\":[\"https:\\\/\\\/www.facebook.com\\\/Ungarischer-Kulturverein-Chemnitz-und-Umgebung-eV-229421257171599\\\/\"]}]}<\/script>\n<!-- \/ Yoast SEO plugin. -->","yoast_head_json":{"title":"J\u00f3 reggelt, Eur\u00f3pa - Ungarischer Kulturverein Chemnitz und Umgebung e. V.","robots":{"index":"index","follow":"follow","max-snippet":"max-snippet:-1","max-image-preview":"max-image-preview:large","max-video-preview":"max-video-preview:-1"},"canonical":"https:\/\/www.ungarn-in-sachsen.de\/hu\/veranstaltung\/jo-reggelt-europa\/","og_locale":"hu_HU","og_type":"article","og_title":"J\u00f3 reggelt, Eur\u00f3pa - Ungarischer Kulturverein Chemnitz und Umgebung e. V.","og_description":"A Chemnitz \u00e9s K\u00f6rny\u00e9ke Magyar Kultur\u00e1lis Egyes\u00fclet e.V. bemutatkozik a rendezv\u00e9nyen J\u00d3 REGGELT, EUR\u00d3PA Kultur\u00e1lis Bisztr\u00f3 2023.06.17-\u00e9n 10 \u00f3r\u00e1t\u00f3l 14 \u00f3r\u00e1ig Am Gro\u00dfen Springbrunnen im Rosenhof (B\u00fcrgerhaus City) Zene \u00e9s [&hellip;]","og_url":"https:\/\/www.ungarn-in-sachsen.de\/hu\/veranstaltung\/jo-reggelt-europa\/","og_site_name":"Ungarischer Kulturverein Chemnitz und Umgebung e. V.","article_publisher":"https:\/\/www.facebook.com\/Ungarischer-Kulturverein-Chemnitz-und-Umgebung-eV-229421257171599\/","article_modified_time":"2023-08-26T11:46:57+00:00","twitter_card":"summary_large_image","schema":{"@context":"https:\/\/schema.org","@graph":[{"@type":"WebPage","@id":"https:\/\/www.ungarn-in-sachsen.de\/hu\/veranstaltung\/jo-reggelt-europa\/","url":"https:\/\/www.ungarn-in-sachsen.de\/hu\/veranstaltung\/jo-reggelt-europa\/","name":"J\u00f3 reggelt, Eur\u00f3pa - Ungarischer Kulturverein Chemnitz und Umgebung e. V.","isPartOf":{"@id":"https:\/\/www.ungarn-in-sachsen.de\/hu\/#website"},"datePublished":"2023-06-09T14:47:26+00:00","dateModified":"2023-08-26T11:46:57+00:00","breadcrumb":{"@id":"https:\/\/www.ungarn-in-sachsen.de\/hu\/veranstaltung\/jo-reggelt-europa\/#breadcrumb"},"inLanguage":"hu","potentialAction":[{"@type":"ReadAction","target":["https:\/\/www.ungarn-in-sachsen.de\/hu\/veranstaltung\/jo-reggelt-europa\/"]}]},{"@type":"BreadcrumbList","@id":"https:\/\/www.ungarn-in-sachsen.de\/hu\/veranstaltung\/jo-reggelt-europa\/#breadcrumb","itemListElement":[{"@type":"ListItem","position":1,"name":"Startseite","item":"https:\/\/www.ungarn-in-sachsen.de\/hu\/"},{"@type":"ListItem","position":2,"name":"Esem\u00e9nyek","item":"https:\/\/www.ungarn-in-sachsen.de\/hu\/kalender\/"},{"@type":"ListItem","position":3,"name":"J\u00f3 reggelt, Eur\u00f3pa"}]},{"@type":"WebSite","@id":"https:\/\/www.ungarn-in-sachsen.de\/hu\/#website","url":"https:\/\/www.ungarn-in-sachsen.de\/hu\/","name":"Ungarischer Kulturverein Chemnitz und Umgebung e. V.","description":"Treffpunkt f\u00fcr Freunde der ungarischen Kultur","publisher":{"@id":"https:\/\/www.ungarn-in-sachsen.de\/hu\/#organization"},"potentialAction":[{"@type":"SearchAction","target":{"@type":"EntryPoint","urlTemplate":"https:\/\/www.ungarn-in-sachsen.de\/hu\/?s={search_term_string}"},"query-input":{"@type":"PropertyValueSpecification","valueRequired":true,"valueName":"search_term_string"}}],"inLanguage":"hu"},{"@type":"Organization","@id":"https:\/\/www.ungarn-in-sachsen.de\/hu\/#organization","name":"Ungarischer Kulturverein Chemnitz und Umgebung e.V.","url":"https:\/\/www.ungarn-in-sachsen.de\/hu\/","logo":{"@type":"ImageObject","inLanguage":"hu","@id":"https:\/\/www.ungarn-in-sachsen.de\/hu\/#\/schema\/logo\/image\/","url":"https:\/\/www.ungarn-in-sachsen.de\/wp-content\/uploads\/2019\/04\/logo.jpg","contentUrl":"https:\/\/www.ungarn-in-sachsen.de\/wp-content\/uploads\/2019\/04\/logo.jpg","width":266,"height":170,"caption":"Ungarischer Kulturverein Chemnitz und Umgebung e.V."},"image":{"@id":"https:\/\/www.ungarn-in-sachsen.de\/hu\/#\/schema\/logo\/image\/"},"sameAs":["https:\/\/www.facebook.com\/Ungarischer-Kulturverein-Chemnitz-und-Umgebung-eV-229421257171599\/"]}]}},"_links":{"self":[{"href":"https:\/\/www.ungarn-in-sachsen.de\/hu\/wp-json\/wp\/v2\/tribe_events\/34003","targetHints":{"allow":["GET"]}}],"collection":[{"href":"https:\/\/www.ungarn-in-sachsen.de\/hu\/wp-json\/wp\/v2\/tribe_events"}],"about":[{"href":"https:\/\/www.ungarn-in-sachsen.de\/hu\/wp-json\/wp\/v2\/types\/tribe_events"}],"author":[{"embeddable":true,"href":"https:\/\/www.ungarn-in-sachsen.de\/hu\/wp-json\/wp\/v2\/users\/7"}],"version-history":[{"count":0,"href":"https:\/\/www.ungarn-in-sachsen.de\/hu\/wp-json\/wp\/v2\/tribe_events\/34003\/revisions"}],"wp:attachment":[{"href":"https:\/\/www.ungarn-in-sachsen.de\/hu\/wp-json\/wp\/v2\/media?parent=34003"}],"wp:term":[{"taxonomy":"post_tag","embeddable":true,"href":"https:\/\/www.ungarn-in-sachsen.de\/hu\/wp-json\/wp\/v2\/tags?post=34003"},{"taxonomy":"tribe_events_cat","embeddable":true,"href":"https:\/\/www.ungarn-in-sachsen.de\/hu\/wp-json\/wp\/v2\/tribe_events_cat?post=34003"}],"curies":[{"name":"wp","href":"https:\/\/api.w.org\/{rel}","templated":true}]}}

Jó reggelt, Európa

<p>A Chemnitz és Környéke Magyar Kulturális Egyesület e.V. bemutatkozik a rendezvényen</p>
<p style="text-align: center;"><strong>JÓ REGGELT, EURÓPA</strong></p>
<p style="text-align: center;"><strong>Kulturális Bisztró 2023.06.17-én 10 órától 14 óráig</strong></p>
<p style="text-align: center;"><strong>Am Großen Springbrunnen im Rosenhof (Bürgerhaus City)</strong></p>
<p style="text-align: center;">Zene és tánc   I   Kreatív kézművesség   I   Étel és ital   I   Beszélgetések I   Információk   I   Kulturális főváros, ahol részt lehet venni</p>
<p>Jöjjön és látogasson el hozzánk szívesen 🙂</p>

<p>A Chemnitz és Környéke Magyar Kulturális Egyesület e.V. bemutatkozik a rendezvényen JÓ REGGELT, EURÓPA Kulturális Bisztró 2023.06.17-én 10 órától 14 óráig Am Großen Springbrunnen im Rosenhof (Bürgerhaus City) Zene és [&hellip;]</p>

<!-- This site is optimized with the Yoast SEO plugin v27.4 - https://yoast.com/product/yoast-seo-wordpress/ -->
<title>Jó reggelt, Európa - Ungarischer Kulturverein Chemnitz und Umgebung e. V.</title>
<meta name="robots" content="index, follow, max-snippet:-1, max-image-preview:large, max-video-preview:-1" />
<link rel="canonical" href="https://www.ungarn-in-sachsen.de/hu/veranstaltung/jo-reggelt-europa/" />
<meta property="og:locale" content="hu_HU" />
<meta property="og:type" content="article" />
<meta property="og:title" content="Jó reggelt, Európa - Ungarischer Kulturverein Chemnitz und Umgebung e. V." />
<meta property="og:description" content="A Chemnitz és Környéke Magyar Kulturális Egyesület e.V. bemutatkozik a rendezvényen JÓ REGGELT, EURÓPA Kulturális Bisztró 2023.06.17-én 10 órától 14 óráig Am Großen Springbrunnen im Rosenhof (Bürgerhaus City) Zene és [&hellip;]" />
<meta property="og:url" content="https://www.ungarn-in-sachsen.de/hu/veranstaltung/jo-reggelt-europa/" />
<meta property="og:site_name" content="Ungarischer Kulturverein Chemnitz und Umgebung e. V." />
<meta property="article:publisher" content="https://www.facebook.com/Ungarischer-Kulturverein-Chemnitz-und-Umgebung-eV-229421257171599/" />
<meta property="article:modified_time" content="2023-08-26T11:46:57+00:00" />
<meta name="twitter:card" content="summary_large_image" />
<script type="application/ld+json" class="yoast-schema-graph">{"@context":"https:\/\/schema.org","@graph":[{"@type":"WebPage","@id":"https:\/\/www.ungarn-in-sachsen.de\/hu\/veranstaltung\/jo-reggelt-europa\/","url":"https:\/\/www.ungarn-in-sachsen.de\/hu\/veranstaltung\/jo-reggelt-europa\/","name":"Jó reggelt, Európa - Ungarischer Kulturverein Chemnitz und Umgebung e. V.","isPartOf":{"@id":"https:\/\/www.ungarn-in-sachsen.de\/hu\/#website"},"datePublished":"2023-06-09T14:47:26+00:00","dateModified":"2023-08-26T11:46:57+00:00","breadcrumb":{"@id":"https:\/\/www.ungarn-in-sachsen.de\/hu\/veranstaltung\/jo-reggelt-europa\/#breadcrumb"},"inLanguage":"hu","potentialAction":[{"@type":"ReadAction","target":["https:\/\/www.ungarn-in-sachsen.de\/hu\/veranstaltung\/jo-reggelt-europa\/"]}]},{"@type":"BreadcrumbList","@id":"https:\/\/www.ungarn-in-sachsen.de\/hu\/veranstaltung\/jo-reggelt-europa\/#breadcrumb","itemListElement":[{"@type":"ListItem","position":1,"name":"Startseite","item":"https:\/\/www.ungarn-in-sachsen.de\/hu\/"},{"@type":"ListItem","position":2,"name":"Események","item":"https:\/\/www.ungarn-in-sachsen.de\/hu\/kalender\/"},{"@type":"ListItem","position":3,"name":"Jó reggelt, Európa"}]},{"@type":"WebSite","@id":"https:\/\/www.ungarn-in-sachsen.de\/hu\/#website","url":"https:\/\/www.ungarn-in-sachsen.de\/hu\/","name":"Ungarischer Kulturverein Chemnitz und Umgebung e. V.","description":"Treffpunkt für Freunde der ungarischen Kultur","publisher":{"@id":"https:\/\/www.ungarn-in-sachsen.de\/hu\/#organization"},"potentialAction":[{"@type":"SearchAction","target":{"@type":"EntryPoint","urlTemplate":"https:\/\/www.ungarn-in-sachsen.de\/hu\/?s={search_term_string}"},"query-input":{"@type":"PropertyValueSpecification","valueRequired":true,"valueName":"search_term_string"}}],"inLanguage":"hu"},{"@type":"Organization","@id":"https:\/\/www.ungarn-in-sachsen.de\/hu\/#organization","name":"Ungarischer Kulturverein Chemnitz und Umgebung e.V.","url":"https:\/\/www.ungarn-in-sachsen.de\/hu\/","logo":{"@type":"ImageObject","inLanguage":"hu","@id":"https:\/\/www.ungarn-in-sachsen.de\/hu\/#\/schema\/logo\/image\/","url":"https:\/\/www.ungarn-in-sachsen.de\/wp-content\/uploads\/2019\/04\/logo.jpg","contentUrl":"https:\/\/www.ungarn-in-sachsen.de\/wp-content\/uploads\/2019\/04\/logo.jpg","width":266,"height":170,"caption":"Ungarischer Kulturverein Chemnitz und Umgebung e.V."},"image":{"@id":"https:\/\/www.ungarn-in-sachsen.de\/hu\/#\/schema\/logo\/image\/"},"sameAs":["https:\/\/www.facebook.com\/Ungarischer-Kulturverein-Chemnitz-und-Umgebung-eV-229421257171599\/"]}]}</script>
<!-- / Yoast SEO plugin. -->

Jó reggelt, Európa - Ungarischer Kulturverein Chemnitz und Umgebung e. V.

A Chemnitz és Környéke Magyar Kulturális Egyesület e.V. bemutatkozik a rendezvényen JÓ REGGELT, EURÓPA Kulturális Bisztró 2023.06.17-én 10 órától 14 óráig Am Großen Springbrunnen im Rosenhof (Bürgerhaus City) Zene és [&hellip;]

Események

Treffpunkt für Freunde der ungarischen Kultur
