{"id":34876,"date":"2024-12-05T17:12:16","date_gmt":"2024-12-05T16:12:16","guid":{"rendered":"https:\/\/www.ungarn-in-sachsen.de\/veranstaltung\/a-nemzetek-konyhaja\/"},"modified":"2025-01-07T16:47:43","modified_gmt":"2025-01-07T15:47:43","slug":"a-nemzetek-konyhaja","status":"publish","type":"tribe_events","link":"https:\/\/www.ungarn-in-sachsen.de\/hu\/veranstaltung\/a-nemzetek-konyhaja\/","title":{"rendered":"A nemzetek konyh\u00e1ja Janu\u00e1r 18-\u00e1n"},"content":{"rendered":"<p>Az egyes\u00fclet a Chemnitz 2025 Eur\u00f3pa Kultur\u00e1lis F\u0151v\u00e1rosa megnyit\u00f3j\u00e1nak r\u00e9szek\u00e9nt mutatkozik be.<\/p>\n<p>Szeretn\u00e9nk besz\u00e9lget\u00e9sbe elegyedni a l\u00e1togat\u00f3kkal, \u00e9s egy v\u00e1logatott, jellegzetes magyar specialit\u00e1sokon kereszt\u00fcl k\u00edv\u00e1ncsis\u00e1got \u00e9breszteni Magyarorsz\u00e1g \u00e9s a magyar konyha ir\u00e1nt.<\/p>\n<p>Sz\u00edvesen l\u00e1togasson el hozz\u00e1nk!<\/p>\n","protected":false},"excerpt":{"rendered":"<p>Az egyes\u00fclet a Chemnitz 2025 Eur\u00f3pa Kultur\u00e1lis F\u0151v\u00e1rosa megnyit\u00f3j\u00e1nak r\u00e9szek\u00e9nt mutatkozik be. Szeretn\u00e9nk besz\u00e9lget\u00e9sbe elegyedni a l\u00e1togat\u00f3kkal, \u00e9s egy v\u00e1logatott, jellegzetes magyar specialit\u00e1sokon kereszt\u00fcl k\u00edv\u00e1ncsis\u00e1got \u00e9breszteni Magyarorsz\u00e1g \u00e9s a magyar [&hellip;]<\/p>\n","protected":false},"author":7,"featured_media":0,"template":"","meta":{"_et_pb_use_builder":"","_et_pb_old_content":"","_et_gb_content_width":"","_tribe_events_status":"","_tribe_events_status_reason":"","footnotes":""},"tags":[],"tribe_events_cat":[128],"class_list":["post-34876","tribe_events","type-tribe_events","status-publish","hentry","tribe_events_cat-bemutatas","cat_bemutatas"],"yoast_head":"<!-- This site is optimized with the Yoast SEO plugin v27.4 - https:\/\/yoast.com\/product\/yoast-seo-wordpress\/ -->\n<title>A nemzetek konyh\u00e1ja Janu\u00e1r 18-\u00e1n - Ungarischer Kulturverein Chemnitz und Umgebung e. V.<\/title>\n<meta name=\"robots\" content=\"index, follow, max-snippet:-1, max-image-preview:large, max-video-preview:-1\" \/>\n<link rel=\"canonical\" href=\"https:\/\/www.ungarn-in-sachsen.de\/hu\/veranstaltung\/a-nemzetek-konyhaja\/\" \/>\n<meta property=\"og:locale\" content=\"hu_HU\" \/>\n<meta property=\"og:type\" content=\"article\" \/>\n<meta property=\"og:title\" content=\"A nemzetek konyh\u00e1ja Janu\u00e1r 18-\u00e1n - Ungarischer Kulturverein Chemnitz und Umgebung e. V.\" \/>\n<meta property=\"og:description\" content=\"Az egyes\u00fclet a Chemnitz 2025 Eur\u00f3pa Kultur\u00e1lis F\u0151v\u00e1rosa megnyit\u00f3j\u00e1nak r\u00e9szek\u00e9nt mutatkozik be. Szeretn\u00e9nk besz\u00e9lget\u00e9sbe elegyedni a l\u00e1togat\u00f3kkal, \u00e9s egy v\u00e1logatott, jellegzetes magyar specialit\u00e1sokon kereszt\u00fcl k\u00edv\u00e1ncsis\u00e1got \u00e9breszteni Magyarorsz\u00e1g \u00e9s a magyar [&hellip;]\" \/>\n<meta property=\"og:url\" content=\"https:\/\/www.ungarn-in-sachsen.de\/hu\/veranstaltung\/a-nemzetek-konyhaja\/\" \/>\n<meta property=\"og:site_name\" content=\"Ungarischer Kulturverein Chemnitz und Umgebung e. V.\" \/>\n<meta property=\"article:publisher\" content=\"https:\/\/www.facebook.com\/Ungarischer-Kulturverein-Chemnitz-und-Umgebung-eV-229421257171599\/\" \/>\n<meta property=\"article:modified_time\" content=\"2025-01-07T15:47:43+00:00\" \/>\n<meta name=\"twitter:card\" content=\"summary_large_image\" \/>\n<script type=\"application\/ld+json\" class=\"yoast-schema-graph\">{\"@context\":\"https:\\\/\\\/schema.org\",\"@graph\":[{\"@type\":\"WebPage\",\"@id\":\"https:\\\/\\\/www.ungarn-in-sachsen.de\\\/hu\\\/veranstaltung\\\/a-nemzetek-konyhaja\\\/\",\"url\":\"https:\\\/\\\/www.ungarn-in-sachsen.de\\\/hu\\\/veranstaltung\\\/a-nemzetek-konyhaja\\\/\",\"name\":\"A nemzetek konyh\u00e1ja Janu\u00e1r 18-\u00e1n - Ungarischer Kulturverein Chemnitz und Umgebung e. V.\",\"isPartOf\":{\"@id\":\"https:\\\/\\\/www.ungarn-in-sachsen.de\\\/hu\\\/#website\"},\"datePublished\":\"2024-12-05T16:12:16+00:00\",\"dateModified\":\"2025-01-07T15:47:43+00:00\",\"breadcrumb\":{\"@id\":\"https:\\\/\\\/www.ungarn-in-sachsen.de\\\/hu\\\/veranstaltung\\\/a-nemzetek-konyhaja\\\/#breadcrumb\"},\"inLanguage\":\"hu\",\"potentialAction\":[{\"@type\":\"ReadAction\",\"target\":[\"https:\\\/\\\/www.ungarn-in-sachsen.de\\\/hu\\\/veranstaltung\\\/a-nemzetek-konyhaja\\\/\"]}]},{\"@type\":\"BreadcrumbList\",\"@id\":\"https:\\\/\\\/www.ungarn-in-sachsen.de\\\/hu\\\/veranstaltung\\\/a-nemzetek-konyhaja\\\/#breadcrumb\",\"itemListElement\":[{\"@type\":\"ListItem\",\"position\":1,\"name\":\"Startseite\",\"item\":\"https:\\\/\\\/www.ungarn-in-sachsen.de\\\/hu\\\/\"},{\"@type\":\"ListItem\",\"position\":2,\"name\":\"Esem\u00e9nyek\",\"item\":\"https:\\\/\\\/www.ungarn-in-sachsen.de\\\/hu\\\/kalender\\\/\"},{\"@type\":\"ListItem\",\"position\":3,\"name\":\"A nemzetek konyh\u00e1ja Janu\u00e1r 18-\u00e1n\"}]},{\"@type\":\"WebSite\",\"@id\":\"https:\\\/\\\/www.ungarn-in-sachsen.de\\\/hu\\\/#website\",\"url\":\"https:\\\/\\\/www.ungarn-in-sachsen.de\\\/hu\\\/\",\"name\":\"Ungarischer Kulturverein Chemnitz und Umgebung e. V.\",\"description\":\"Treffpunkt f\u00fcr Freunde der ungarischen Kultur\",\"publisher\":{\"@id\":\"https:\\\/\\\/www.ungarn-in-sachsen.de\\\/hu\\\/#organization\"},\"potentialAction\":[{\"@type\":\"SearchAction\",\"target\":{\"@type\":\"EntryPoint\",\"urlTemplate\":\"https:\\\/\\\/www.ungarn-in-sachsen.de\\\/hu\\\/?s={search_term_string}\"},\"query-input\":{\"@type\":\"PropertyValueSpecification\",\"valueRequired\":true,\"valueName\":\"search_term_string\"}}],\"inLanguage\":\"hu\"},{\"@type\":\"Organization\",\"@id\":\"https:\\\/\\\/www.ungarn-in-sachsen.de\\\/hu\\\/#organization\",\"name\":\"Ungarischer Kulturverein Chemnitz und Umgebung e.V.\",\"url\":\"https:\\\/\\\/www.ungarn-in-sachsen.de\\\/hu\\\/\",\"logo\":{\"@type\":\"ImageObject\",\"inLanguage\":\"hu\",\"@id\":\"https:\\\/\\\/www.ungarn-in-sachsen.de\\\/hu\\\/#\\\/schema\\\/logo\\\/image\\\/\",\"url\":\"https:\\\/\\\/www.ungarn-in-sachsen.de\\\/wp-content\\\/uploads\\\/2019\\\/04\\\/logo.jpg\",\"contentUrl\":\"https:\\\/\\\/www.ungarn-in-sachsen.de\\\/wp-content\\\/uploads\\\/2019\\\/04\\\/logo.jpg\",\"width\":266,\"height\":170,\"caption\":\"Ungarischer Kulturverein Chemnitz und Umgebung e.V.\"},\"image\":{\"@id\":\"https:\\\/\\\/www.ungarn-in-sachsen.de\\\/hu\\\/#\\\/schema\\\/logo\\\/image\\\/\"},\"sameAs\":[\"https:\\\/\\\/www.facebook.com\\\/Ungarischer-Kulturverein-Chemnitz-und-Umgebung-eV-229421257171599\\\/\"]}]}<\/script>\n<!-- \/ Yoast SEO plugin. -->","yoast_head_json":{"title":"A nemzetek konyh\u00e1ja Janu\u00e1r 18-\u00e1n - Ungarischer Kulturverein Chemnitz und Umgebung e. V.","robots":{"index":"index","follow":"follow","max-snippet":"max-snippet:-1","max-image-preview":"max-image-preview:large","max-video-preview":"max-video-preview:-1"},"canonical":"https:\/\/www.ungarn-in-sachsen.de\/hu\/veranstaltung\/a-nemzetek-konyhaja\/","og_locale":"hu_HU","og_type":"article","og_title":"A nemzetek konyh\u00e1ja Janu\u00e1r 18-\u00e1n - Ungarischer Kulturverein Chemnitz und Umgebung e. V.","og_description":"Az egyes\u00fclet a Chemnitz 2025 Eur\u00f3pa Kultur\u00e1lis F\u0151v\u00e1rosa megnyit\u00f3j\u00e1nak r\u00e9szek\u00e9nt mutatkozik be. Szeretn\u00e9nk besz\u00e9lget\u00e9sbe elegyedni a l\u00e1togat\u00f3kkal, \u00e9s egy v\u00e1logatott, jellegzetes magyar specialit\u00e1sokon kereszt\u00fcl k\u00edv\u00e1ncsis\u00e1got \u00e9breszteni Magyarorsz\u00e1g \u00e9s a magyar [&hellip;]","og_url":"https:\/\/www.ungarn-in-sachsen.de\/hu\/veranstaltung\/a-nemzetek-konyhaja\/","og_site_name":"Ungarischer Kulturverein Chemnitz und Umgebung e. V.","article_publisher":"https:\/\/www.facebook.com\/Ungarischer-Kulturverein-Chemnitz-und-Umgebung-eV-229421257171599\/","article_modified_time":"2025-01-07T15:47:43+00:00","twitter_card":"summary_large_image","schema":{"@context":"https:\/\/schema.org","@graph":[{"@type":"WebPage","@id":"https:\/\/www.ungarn-in-sachsen.de\/hu\/veranstaltung\/a-nemzetek-konyhaja\/","url":"https:\/\/www.ungarn-in-sachsen.de\/hu\/veranstaltung\/a-nemzetek-konyhaja\/","name":"A nemzetek konyh\u00e1ja Janu\u00e1r 18-\u00e1n - Ungarischer Kulturverein Chemnitz und Umgebung e. V.","isPartOf":{"@id":"https:\/\/www.ungarn-in-sachsen.de\/hu\/#website"},"datePublished":"2024-12-05T16:12:16+00:00","dateModified":"2025-01-07T15:47:43+00:00","breadcrumb":{"@id":"https:\/\/www.ungarn-in-sachsen.de\/hu\/veranstaltung\/a-nemzetek-konyhaja\/#breadcrumb"},"inLanguage":"hu","potentialAction":[{"@type":"ReadAction","target":["https:\/\/www.ungarn-in-sachsen.de\/hu\/veranstaltung\/a-nemzetek-konyhaja\/"]}]},{"@type":"BreadcrumbList","@id":"https:\/\/www.ungarn-in-sachsen.de\/hu\/veranstaltung\/a-nemzetek-konyhaja\/#breadcrumb","itemListElement":[{"@type":"ListItem","position":1,"name":"Startseite","item":"https:\/\/www.ungarn-in-sachsen.de\/hu\/"},{"@type":"ListItem","position":2,"name":"Esem\u00e9nyek","item":"https:\/\/www.ungarn-in-sachsen.de\/hu\/kalender\/"},{"@type":"ListItem","position":3,"name":"A nemzetek konyh\u00e1ja Janu\u00e1r 18-\u00e1n"}]},{"@type":"WebSite","@id":"https:\/\/www.ungarn-in-sachsen.de\/hu\/#website","url":"https:\/\/www.ungarn-in-sachsen.de\/hu\/","name":"Ungarischer Kulturverein Chemnitz und Umgebung e. V.","description":"Treffpunkt f\u00fcr Freunde der ungarischen Kultur","publisher":{"@id":"https:\/\/www.ungarn-in-sachsen.de\/hu\/#organization"},"potentialAction":[{"@type":"SearchAction","target":{"@type":"EntryPoint","urlTemplate":"https:\/\/www.ungarn-in-sachsen.de\/hu\/?s={search_term_string}"},"query-input":{"@type":"PropertyValueSpecification","valueRequired":true,"valueName":"search_term_string"}}],"inLanguage":"hu"},{"@type":"Organization","@id":"https:\/\/www.ungarn-in-sachsen.de\/hu\/#organization","name":"Ungarischer Kulturverein Chemnitz und Umgebung e.V.","url":"https:\/\/www.ungarn-in-sachsen.de\/hu\/","logo":{"@type":"ImageObject","inLanguage":"hu","@id":"https:\/\/www.ungarn-in-sachsen.de\/hu\/#\/schema\/logo\/image\/","url":"https:\/\/www.ungarn-in-sachsen.de\/wp-content\/uploads\/2019\/04\/logo.jpg","contentUrl":"https:\/\/www.ungarn-in-sachsen.de\/wp-content\/uploads\/2019\/04\/logo.jpg","width":266,"height":170,"caption":"Ungarischer Kulturverein Chemnitz und Umgebung e.V."},"image":{"@id":"https:\/\/www.ungarn-in-sachsen.de\/hu\/#\/schema\/logo\/image\/"},"sameAs":["https:\/\/www.facebook.com\/Ungarischer-Kulturverein-Chemnitz-und-Umgebung-eV-229421257171599\/"]}]}},"_links":{"self":[{"href":"https:\/\/www.ungarn-in-sachsen.de\/hu\/wp-json\/wp\/v2\/tribe_events\/34876","targetHints":{"allow":["GET"]}}],"collection":[{"href":"https:\/\/www.ungarn-in-sachsen.de\/hu\/wp-json\/wp\/v2\/tribe_events"}],"about":[{"href":"https:\/\/www.ungarn-in-sachsen.de\/hu\/wp-json\/wp\/v2\/types\/tribe_events"}],"author":[{"embeddable":true,"href":"https:\/\/www.ungarn-in-sachsen.de\/hu\/wp-json\/wp\/v2\/users\/7"}],"version-history":[{"count":0,"href":"https:\/\/www.ungarn-in-sachsen.de\/hu\/wp-json\/wp\/v2\/tribe_events\/34876\/revisions"}],"wp:attachment":[{"href":"https:\/\/www.ungarn-in-sachsen.de\/hu\/wp-json\/wp\/v2\/media?parent=34876"}],"wp:term":[{"taxonomy":"post_tag","embeddable":true,"href":"https:\/\/www.ungarn-in-sachsen.de\/hu\/wp-json\/wp\/v2\/tags?post=34876"},{"taxonomy":"tribe_events_cat","embeddable":true,"href":"https:\/\/www.ungarn-in-sachsen.de\/hu\/wp-json\/wp\/v2\/tribe_events_cat?post=34876"}],"curies":[{"name":"wp","href":"https:\/\/api.w.org\/{rel}","templated":true}]}}

A nemzetek konyhája Január 18-án

<p>Az egyesület a Chemnitz 2025 Európa Kulturális Fővárosa megnyitójának részeként mutatkozik be.</p>
<p>Szeretnénk beszélgetésbe elegyedni a látogatókkal, és egy válogatott, jellegzetes magyar specialitásokon keresztül kíváncsiságot ébreszteni Magyarország és a magyar konyha iránt.</p>
<p>Szívesen látogasson el hozzánk!</p>

<p>Az egyesület a Chemnitz 2025 Európa Kulturális Fővárosa megnyitójának részeként mutatkozik be. Szeretnénk beszélgetésbe elegyedni a látogatókkal, és egy válogatott, jellegzetes magyar specialitásokon keresztül kíváncsiságot ébreszteni Magyarország és a magyar [&hellip;]</p>

<!-- This site is optimized with the Yoast SEO plugin v27.4 - https://yoast.com/product/yoast-seo-wordpress/ -->
<title>A nemzetek konyhája Január 18-án - Ungarischer Kulturverein Chemnitz und Umgebung e. V.</title>
<meta name="robots" content="index, follow, max-snippet:-1, max-image-preview:large, max-video-preview:-1" />
<link rel="canonical" href="https://www.ungarn-in-sachsen.de/hu/veranstaltung/a-nemzetek-konyhaja/" />
<meta property="og:locale" content="hu_HU" />
<meta property="og:type" content="article" />
<meta property="og:title" content="A nemzetek konyhája Január 18-án - Ungarischer Kulturverein Chemnitz und Umgebung e. V." />
<meta property="og:description" content="Az egyesület a Chemnitz 2025 Európa Kulturális Fővárosa megnyitójának részeként mutatkozik be. Szeretnénk beszélgetésbe elegyedni a látogatókkal, és egy válogatott, jellegzetes magyar specialitásokon keresztül kíváncsiságot ébreszteni Magyarország és a magyar [&hellip;]" />
<meta property="og:url" content="https://www.ungarn-in-sachsen.de/hu/veranstaltung/a-nemzetek-konyhaja/" />
<meta property="og:site_name" content="Ungarischer Kulturverein Chemnitz und Umgebung e. V." />
<meta property="article:publisher" content="https://www.facebook.com/Ungarischer-Kulturverein-Chemnitz-und-Umgebung-eV-229421257171599/" />
<meta property="article:modified_time" content="2025-01-07T15:47:43+00:00" />
<meta name="twitter:card" content="summary_large_image" />
<script type="application/ld+json" class="yoast-schema-graph">{"@context":"https:\/\/schema.org","@graph":[{"@type":"WebPage","@id":"https:\/\/www.ungarn-in-sachsen.de\/hu\/veranstaltung\/a-nemzetek-konyhaja\/","url":"https:\/\/www.ungarn-in-sachsen.de\/hu\/veranstaltung\/a-nemzetek-konyhaja\/","name":"A nemzetek konyhája Január 18-án - Ungarischer Kulturverein Chemnitz und Umgebung e. V.","isPartOf":{"@id":"https:\/\/www.ungarn-in-sachsen.de\/hu\/#website"},"datePublished":"2024-12-05T16:12:16+00:00","dateModified":"2025-01-07T15:47:43+00:00","breadcrumb":{"@id":"https:\/\/www.ungarn-in-sachsen.de\/hu\/veranstaltung\/a-nemzetek-konyhaja\/#breadcrumb"},"inLanguage":"hu","potentialAction":[{"@type":"ReadAction","target":["https:\/\/www.ungarn-in-sachsen.de\/hu\/veranstaltung\/a-nemzetek-konyhaja\/"]}]},{"@type":"BreadcrumbList","@id":"https:\/\/www.ungarn-in-sachsen.de\/hu\/veranstaltung\/a-nemzetek-konyhaja\/#breadcrumb","itemListElement":[{"@type":"ListItem","position":1,"name":"Startseite","item":"https:\/\/www.ungarn-in-sachsen.de\/hu\/"},{"@type":"ListItem","position":2,"name":"Események","item":"https:\/\/www.ungarn-in-sachsen.de\/hu\/kalender\/"},{"@type":"ListItem","position":3,"name":"A nemzetek konyhája Január 18-án"}]},{"@type":"WebSite","@id":"https:\/\/www.ungarn-in-sachsen.de\/hu\/#website","url":"https:\/\/www.ungarn-in-sachsen.de\/hu\/","name":"Ungarischer Kulturverein Chemnitz und Umgebung e. V.","description":"Treffpunkt für Freunde der ungarischen Kultur","publisher":{"@id":"https:\/\/www.ungarn-in-sachsen.de\/hu\/#organization"},"potentialAction":[{"@type":"SearchAction","target":{"@type":"EntryPoint","urlTemplate":"https:\/\/www.ungarn-in-sachsen.de\/hu\/?s={search_term_string}"},"query-input":{"@type":"PropertyValueSpecification","valueRequired":true,"valueName":"search_term_string"}}],"inLanguage":"hu"},{"@type":"Organization","@id":"https:\/\/www.ungarn-in-sachsen.de\/hu\/#organization","name":"Ungarischer Kulturverein Chemnitz und Umgebung e.V.","url":"https:\/\/www.ungarn-in-sachsen.de\/hu\/","logo":{"@type":"ImageObject","inLanguage":"hu","@id":"https:\/\/www.ungarn-in-sachsen.de\/hu\/#\/schema\/logo\/image\/","url":"https:\/\/www.ungarn-in-sachsen.de\/wp-content\/uploads\/2019\/04\/logo.jpg","contentUrl":"https:\/\/www.ungarn-in-sachsen.de\/wp-content\/uploads\/2019\/04\/logo.jpg","width":266,"height":170,"caption":"Ungarischer Kulturverein Chemnitz und Umgebung e.V."},"image":{"@id":"https:\/\/www.ungarn-in-sachsen.de\/hu\/#\/schema\/logo\/image\/"},"sameAs":["https:\/\/www.facebook.com\/Ungarischer-Kulturverein-Chemnitz-und-Umgebung-eV-229421257171599\/"]}]}</script>
<!-- / Yoast SEO plugin. -->

A nemzetek konyhája Január 18-án - Ungarischer Kulturverein Chemnitz und Umgebung e. V.

Az egyesület a Chemnitz 2025 Európa Kulturális Fővárosa megnyitójának részeként mutatkozik be. Szeretnénk beszélgetésbe elegyedni a látogatókkal, és egy válogatott, jellegzetes magyar specialitásokon keresztül kíváncsiságot ébreszteni Magyarország és a magyar [&hellip;]

Események

Treffpunkt für Freunde der ungarischen Kultur
