{"id":34945,"date":"2025-04-03T14:36:16","date_gmt":"2025-04-03T12:36:16","guid":{"rendered":"https:\/\/www.ungarn-in-sachsen.de\/veranstaltung\/iskolai-projekt-kulinaris-vilagkoerueli-utazas-diakokkal-nem-nyilvanos\/"},"modified":"2025-04-03T14:36:16","modified_gmt":"2025-04-03T12:36:16","slug":"iskolai-projekt-kulinaris-vilagkoerueli-utazas-diakokkal-nem-nyilvanos","status":"publish","type":"tribe_events","link":"https:\/\/www.ungarn-in-sachsen.de\/hu\/veranstaltung\/iskolai-projekt-kulinaris-vilagkoerueli-utazas-diakokkal-nem-nyilvanos\/","title":{"rendered":"Iskolai projekt: Kulin\u00e1ris vil\u00e1gk\u00f6r\u00fcli utaz\u00e1s di\u00e1kokkal (nem nyilv\u00e1nos)"},"content":{"rendered":"<p>Egyes\u00fclet\u00fcnket felk\u00e9rt\u00e9k, hogy mutassa be Magyarorsz\u00e1got egy projekth\u00e9tre a Chemnitzi Schulmodellben. A projekth\u00e9t keret\u00e9ben a tanul\u00f3k minden nap k\u00fcl\u00f6nb\u00f6z\u0151 nemzetek konyh\u00e1j\u00e1val ismerkednek. Dobos P\u00e9ter \u00e9s Szivek Katalin fogja bemutatni a tanul\u00f3knak Magyarorsz\u00e1got. A rendezv\u00e9ny nem nyilv\u00e1nos, a r\u00e9szv\u00e9tel nem lehets\u00e9ges.<\/p>\n","protected":false},"excerpt":{"rendered":"<p>Egyes\u00fclet\u00fcnket felk\u00e9rt\u00e9k, hogy mutassa be Magyarorsz\u00e1got egy projekth\u00e9tre a Chemnitzi Schulmodellben. A projekth\u00e9t keret\u00e9ben a tanul\u00f3k minden nap k\u00fcl\u00f6nb\u00f6z\u0151 nemzetek konyh\u00e1j\u00e1val ismerkednek. Dobos P\u00e9ter \u00e9s Szivek Katalin fogja bemutatni a [&hellip;]<\/p>\n","protected":false},"author":7,"featured_media":0,"template":"","meta":{"_et_pb_use_builder":"","_et_pb_old_content":"","_et_gb_content_width":"","_tribe_events_status":"","_tribe_events_status_reason":"","footnotes":""},"tags":[],"tribe_events_cat":[130],"class_list":["post-34945","tribe_events","type-tribe_events","status-publish","hentry","tribe_events_cat-kuelso-szolgaltatoi-rendezveny","cat_kuelso-szolgaltatoi-rendezveny"],"yoast_head":"<!-- This site is optimized with the Yoast SEO plugin v27.4 - https:\/\/yoast.com\/product\/yoast-seo-wordpress\/ -->\n<title>Iskolai projekt: Kulin\u00e1ris vil\u00e1gk\u00f6r\u00fcli utaz\u00e1s di\u00e1kokkal (nem nyilv\u00e1nos) - Ungarischer Kulturverein Chemnitz und Umgebung e. V.<\/title>\n<meta name=\"robots\" content=\"index, follow, max-snippet:-1, max-image-preview:large, max-video-preview:-1\" \/>\n<link rel=\"canonical\" href=\"https:\/\/www.ungarn-in-sachsen.de\/hu\/veranstaltung\/iskolai-projekt-kulinaris-vilagkoerueli-utazas-diakokkal-nem-nyilvanos\/\" \/>\n<meta property=\"og:locale\" content=\"hu_HU\" \/>\n<meta property=\"og:type\" content=\"article\" \/>\n<meta property=\"og:title\" content=\"Iskolai projekt: Kulin\u00e1ris vil\u00e1gk\u00f6r\u00fcli utaz\u00e1s di\u00e1kokkal (nem nyilv\u00e1nos) - Ungarischer Kulturverein Chemnitz und Umgebung e. V.\" \/>\n<meta property=\"og:description\" content=\"Egyes\u00fclet\u00fcnket felk\u00e9rt\u00e9k, hogy mutassa be Magyarorsz\u00e1got egy projekth\u00e9tre a Chemnitzi Schulmodellben. A projekth\u00e9t keret\u00e9ben a tanul\u00f3k minden nap k\u00fcl\u00f6nb\u00f6z\u0151 nemzetek konyh\u00e1j\u00e1val ismerkednek. Dobos P\u00e9ter \u00e9s Szivek Katalin fogja bemutatni a [&hellip;]\" \/>\n<meta property=\"og:url\" content=\"https:\/\/www.ungarn-in-sachsen.de\/hu\/veranstaltung\/iskolai-projekt-kulinaris-vilagkoerueli-utazas-diakokkal-nem-nyilvanos\/\" \/>\n<meta property=\"og:site_name\" content=\"Ungarischer Kulturverein Chemnitz und Umgebung e. V.\" \/>\n<meta property=\"article:publisher\" content=\"https:\/\/www.facebook.com\/Ungarischer-Kulturverein-Chemnitz-und-Umgebung-eV-229421257171599\/\" \/>\n<meta name=\"twitter:card\" content=\"summary_large_image\" \/>\n<script type=\"application\/ld+json\" class=\"yoast-schema-graph\">{\"@context\":\"https:\\\/\\\/schema.org\",\"@graph\":[{\"@type\":\"WebPage\",\"@id\":\"https:\\\/\\\/www.ungarn-in-sachsen.de\\\/hu\\\/veranstaltung\\\/iskolai-projekt-kulinaris-vilagkoerueli-utazas-diakokkal-nem-nyilvanos\\\/\",\"url\":\"https:\\\/\\\/www.ungarn-in-sachsen.de\\\/hu\\\/veranstaltung\\\/iskolai-projekt-kulinaris-vilagkoerueli-utazas-diakokkal-nem-nyilvanos\\\/\",\"name\":\"Iskolai projekt: Kulin\u00e1ris vil\u00e1gk\u00f6r\u00fcli utaz\u00e1s di\u00e1kokkal (nem nyilv\u00e1nos) - Ungarischer Kulturverein Chemnitz und Umgebung e. V.\",\"isPartOf\":{\"@id\":\"https:\\\/\\\/www.ungarn-in-sachsen.de\\\/hu\\\/#website\"},\"datePublished\":\"2025-04-03T12:36:16+00:00\",\"breadcrumb\":{\"@id\":\"https:\\\/\\\/www.ungarn-in-sachsen.de\\\/hu\\\/veranstaltung\\\/iskolai-projekt-kulinaris-vilagkoerueli-utazas-diakokkal-nem-nyilvanos\\\/#breadcrumb\"},\"inLanguage\":\"hu\",\"potentialAction\":[{\"@type\":\"ReadAction\",\"target\":[\"https:\\\/\\\/www.ungarn-in-sachsen.de\\\/hu\\\/veranstaltung\\\/iskolai-projekt-kulinaris-vilagkoerueli-utazas-diakokkal-nem-nyilvanos\\\/\"]}]},{\"@type\":\"BreadcrumbList\",\"@id\":\"https:\\\/\\\/www.ungarn-in-sachsen.de\\\/hu\\\/veranstaltung\\\/iskolai-projekt-kulinaris-vilagkoerueli-utazas-diakokkal-nem-nyilvanos\\\/#breadcrumb\",\"itemListElement\":[{\"@type\":\"ListItem\",\"position\":1,\"name\":\"Startseite\",\"item\":\"https:\\\/\\\/www.ungarn-in-sachsen.de\\\/hu\\\/\"},{\"@type\":\"ListItem\",\"position\":2,\"name\":\"Esem\u00e9nyek\",\"item\":\"https:\\\/\\\/www.ungarn-in-sachsen.de\\\/hu\\\/kalender\\\/\"},{\"@type\":\"ListItem\",\"position\":3,\"name\":\"Iskolai projekt: Kulin\u00e1ris vil\u00e1gk\u00f6r\u00fcli utaz\u00e1s di\u00e1kokkal (nem nyilv\u00e1nos)\"}]},{\"@type\":\"WebSite\",\"@id\":\"https:\\\/\\\/www.ungarn-in-sachsen.de\\\/hu\\\/#website\",\"url\":\"https:\\\/\\\/www.ungarn-in-sachsen.de\\\/hu\\\/\",\"name\":\"Ungarischer Kulturverein Chemnitz und Umgebung e. V.\",\"description\":\"Treffpunkt f\u00fcr Freunde der ungarischen Kultur\",\"publisher\":{\"@id\":\"https:\\\/\\\/www.ungarn-in-sachsen.de\\\/hu\\\/#organization\"},\"potentialAction\":[{\"@type\":\"SearchAction\",\"target\":{\"@type\":\"EntryPoint\",\"urlTemplate\":\"https:\\\/\\\/www.ungarn-in-sachsen.de\\\/hu\\\/?s={search_term_string}\"},\"query-input\":{\"@type\":\"PropertyValueSpecification\",\"valueRequired\":true,\"valueName\":\"search_term_string\"}}],\"inLanguage\":\"hu\"},{\"@type\":\"Organization\",\"@id\":\"https:\\\/\\\/www.ungarn-in-sachsen.de\\\/hu\\\/#organization\",\"name\":\"Ungarischer Kulturverein Chemnitz und Umgebung e.V.\",\"url\":\"https:\\\/\\\/www.ungarn-in-sachsen.de\\\/hu\\\/\",\"logo\":{\"@type\":\"ImageObject\",\"inLanguage\":\"hu\",\"@id\":\"https:\\\/\\\/www.ungarn-in-sachsen.de\\\/hu\\\/#\\\/schema\\\/logo\\\/image\\\/\",\"url\":\"https:\\\/\\\/www.ungarn-in-sachsen.de\\\/wp-content\\\/uploads\\\/2019\\\/04\\\/logo.jpg\",\"contentUrl\":\"https:\\\/\\\/www.ungarn-in-sachsen.de\\\/wp-content\\\/uploads\\\/2019\\\/04\\\/logo.jpg\",\"width\":266,\"height\":170,\"caption\":\"Ungarischer Kulturverein Chemnitz und Umgebung e.V.\"},\"image\":{\"@id\":\"https:\\\/\\\/www.ungarn-in-sachsen.de\\\/hu\\\/#\\\/schema\\\/logo\\\/image\\\/\"},\"sameAs\":[\"https:\\\/\\\/www.facebook.com\\\/Ungarischer-Kulturverein-Chemnitz-und-Umgebung-eV-229421257171599\\\/\"]}]}<\/script>\n<!-- \/ Yoast SEO plugin. -->","yoast_head_json":{"title":"Iskolai projekt: Kulin\u00e1ris vil\u00e1gk\u00f6r\u00fcli utaz\u00e1s di\u00e1kokkal (nem nyilv\u00e1nos) - Ungarischer Kulturverein Chemnitz und Umgebung e. V.","robots":{"index":"index","follow":"follow","max-snippet":"max-snippet:-1","max-image-preview":"max-image-preview:large","max-video-preview":"max-video-preview:-1"},"canonical":"https:\/\/www.ungarn-in-sachsen.de\/hu\/veranstaltung\/iskolai-projekt-kulinaris-vilagkoerueli-utazas-diakokkal-nem-nyilvanos\/","og_locale":"hu_HU","og_type":"article","og_title":"Iskolai projekt: Kulin\u00e1ris vil\u00e1gk\u00f6r\u00fcli utaz\u00e1s di\u00e1kokkal (nem nyilv\u00e1nos) - Ungarischer Kulturverein Chemnitz und Umgebung e. V.","og_description":"Egyes\u00fclet\u00fcnket felk\u00e9rt\u00e9k, hogy mutassa be Magyarorsz\u00e1got egy projekth\u00e9tre a Chemnitzi Schulmodellben. A projekth\u00e9t keret\u00e9ben a tanul\u00f3k minden nap k\u00fcl\u00f6nb\u00f6z\u0151 nemzetek konyh\u00e1j\u00e1val ismerkednek. Dobos P\u00e9ter \u00e9s Szivek Katalin fogja bemutatni a [&hellip;]","og_url":"https:\/\/www.ungarn-in-sachsen.de\/hu\/veranstaltung\/iskolai-projekt-kulinaris-vilagkoerueli-utazas-diakokkal-nem-nyilvanos\/","og_site_name":"Ungarischer Kulturverein Chemnitz und Umgebung e. V.","article_publisher":"https:\/\/www.facebook.com\/Ungarischer-Kulturverein-Chemnitz-und-Umgebung-eV-229421257171599\/","twitter_card":"summary_large_image","schema":{"@context":"https:\/\/schema.org","@graph":[{"@type":"WebPage","@id":"https:\/\/www.ungarn-in-sachsen.de\/hu\/veranstaltung\/iskolai-projekt-kulinaris-vilagkoerueli-utazas-diakokkal-nem-nyilvanos\/","url":"https:\/\/www.ungarn-in-sachsen.de\/hu\/veranstaltung\/iskolai-projekt-kulinaris-vilagkoerueli-utazas-diakokkal-nem-nyilvanos\/","name":"Iskolai projekt: Kulin\u00e1ris vil\u00e1gk\u00f6r\u00fcli utaz\u00e1s di\u00e1kokkal (nem nyilv\u00e1nos) - Ungarischer Kulturverein Chemnitz und Umgebung e. V.","isPartOf":{"@id":"https:\/\/www.ungarn-in-sachsen.de\/hu\/#website"},"datePublished":"2025-04-03T12:36:16+00:00","breadcrumb":{"@id":"https:\/\/www.ungarn-in-sachsen.de\/hu\/veranstaltung\/iskolai-projekt-kulinaris-vilagkoerueli-utazas-diakokkal-nem-nyilvanos\/#breadcrumb"},"inLanguage":"hu","potentialAction":[{"@type":"ReadAction","target":["https:\/\/www.ungarn-in-sachsen.de\/hu\/veranstaltung\/iskolai-projekt-kulinaris-vilagkoerueli-utazas-diakokkal-nem-nyilvanos\/"]}]},{"@type":"BreadcrumbList","@id":"https:\/\/www.ungarn-in-sachsen.de\/hu\/veranstaltung\/iskolai-projekt-kulinaris-vilagkoerueli-utazas-diakokkal-nem-nyilvanos\/#breadcrumb","itemListElement":[{"@type":"ListItem","position":1,"name":"Startseite","item":"https:\/\/www.ungarn-in-sachsen.de\/hu\/"},{"@type":"ListItem","position":2,"name":"Esem\u00e9nyek","item":"https:\/\/www.ungarn-in-sachsen.de\/hu\/kalender\/"},{"@type":"ListItem","position":3,"name":"Iskolai projekt: Kulin\u00e1ris vil\u00e1gk\u00f6r\u00fcli utaz\u00e1s di\u00e1kokkal (nem nyilv\u00e1nos)"}]},{"@type":"WebSite","@id":"https:\/\/www.ungarn-in-sachsen.de\/hu\/#website","url":"https:\/\/www.ungarn-in-sachsen.de\/hu\/","name":"Ungarischer Kulturverein Chemnitz und Umgebung e. V.","description":"Treffpunkt f\u00fcr Freunde der ungarischen Kultur","publisher":{"@id":"https:\/\/www.ungarn-in-sachsen.de\/hu\/#organization"},"potentialAction":[{"@type":"SearchAction","target":{"@type":"EntryPoint","urlTemplate":"https:\/\/www.ungarn-in-sachsen.de\/hu\/?s={search_term_string}"},"query-input":{"@type":"PropertyValueSpecification","valueRequired":true,"valueName":"search_term_string"}}],"inLanguage":"hu"},{"@type":"Organization","@id":"https:\/\/www.ungarn-in-sachsen.de\/hu\/#organization","name":"Ungarischer Kulturverein Chemnitz und Umgebung e.V.","url":"https:\/\/www.ungarn-in-sachsen.de\/hu\/","logo":{"@type":"ImageObject","inLanguage":"hu","@id":"https:\/\/www.ungarn-in-sachsen.de\/hu\/#\/schema\/logo\/image\/","url":"https:\/\/www.ungarn-in-sachsen.de\/wp-content\/uploads\/2019\/04\/logo.jpg","contentUrl":"https:\/\/www.ungarn-in-sachsen.de\/wp-content\/uploads\/2019\/04\/logo.jpg","width":266,"height":170,"caption":"Ungarischer Kulturverein Chemnitz und Umgebung e.V."},"image":{"@id":"https:\/\/www.ungarn-in-sachsen.de\/hu\/#\/schema\/logo\/image\/"},"sameAs":["https:\/\/www.facebook.com\/Ungarischer-Kulturverein-Chemnitz-und-Umgebung-eV-229421257171599\/"]}]}},"_links":{"self":[{"href":"https:\/\/www.ungarn-in-sachsen.de\/hu\/wp-json\/wp\/v2\/tribe_events\/34945","targetHints":{"allow":["GET"]}}],"collection":[{"href":"https:\/\/www.ungarn-in-sachsen.de\/hu\/wp-json\/wp\/v2\/tribe_events"}],"about":[{"href":"https:\/\/www.ungarn-in-sachsen.de\/hu\/wp-json\/wp\/v2\/types\/tribe_events"}],"author":[{"embeddable":true,"href":"https:\/\/www.ungarn-in-sachsen.de\/hu\/wp-json\/wp\/v2\/users\/7"}],"version-history":[{"count":0,"href":"https:\/\/www.ungarn-in-sachsen.de\/hu\/wp-json\/wp\/v2\/tribe_events\/34945\/revisions"}],"wp:attachment":[{"href":"https:\/\/www.ungarn-in-sachsen.de\/hu\/wp-json\/wp\/v2\/media?parent=34945"}],"wp:term":[{"taxonomy":"post_tag","embeddable":true,"href":"https:\/\/www.ungarn-in-sachsen.de\/hu\/wp-json\/wp\/v2\/tags?post=34945"},{"taxonomy":"tribe_events_cat","embeddable":true,"href":"https:\/\/www.ungarn-in-sachsen.de\/hu\/wp-json\/wp\/v2\/tribe_events_cat?post=34945"}],"curies":[{"name":"wp","href":"https:\/\/api.w.org\/{rel}","templated":true}]}}

Iskolai projekt: Kulináris világkörüli utazás diákokkal (nem nyilvános)

<p>Egyesületünket felkérték, hogy mutassa be Magyarországot egy projekthétre a Chemnitzi Schulmodellben. A projekthét keretében a tanulók minden nap különböző nemzetek konyhájával ismerkednek. Dobos Péter és Szivek Katalin fogja bemutatni a tanulóknak Magyarországot. A rendezvény nem nyilvános, a részvétel nem lehetséges.</p>

<p>Egyesületünket felkérték, hogy mutassa be Magyarországot egy projekthétre a Chemnitzi Schulmodellben. A projekthét keretében a tanulók minden nap különböző nemzetek konyhájával ismerkednek. Dobos Péter és Szivek Katalin fogja bemutatni a [&hellip;]</p>

<!-- This site is optimized with the Yoast SEO plugin v27.4 - https://yoast.com/product/yoast-seo-wordpress/ -->
<title>Iskolai projekt: Kulináris világkörüli utazás diákokkal (nem nyilvános) - Ungarischer Kulturverein Chemnitz und Umgebung e. V.</title>
<meta name="robots" content="index, follow, max-snippet:-1, max-image-preview:large, max-video-preview:-1" />
<link rel="canonical" href="https://www.ungarn-in-sachsen.de/hu/veranstaltung/iskolai-projekt-kulinaris-vilagkoerueli-utazas-diakokkal-nem-nyilvanos/" />
<meta property="og:locale" content="hu_HU" />
<meta property="og:type" content="article" />
<meta property="og:title" content="Iskolai projekt: Kulináris világkörüli utazás diákokkal (nem nyilvános) - Ungarischer Kulturverein Chemnitz und Umgebung e. V." />
<meta property="og:description" content="Egyesületünket felkérték, hogy mutassa be Magyarországot egy projekthétre a Chemnitzi Schulmodellben. A projekthét keretében a tanulók minden nap különböző nemzetek konyhájával ismerkednek. Dobos Péter és Szivek Katalin fogja bemutatni a [&hellip;]" />
<meta property="og:url" content="https://www.ungarn-in-sachsen.de/hu/veranstaltung/iskolai-projekt-kulinaris-vilagkoerueli-utazas-diakokkal-nem-nyilvanos/" />
<meta property="og:site_name" content="Ungarischer Kulturverein Chemnitz und Umgebung e. V." />
<meta property="article:publisher" content="https://www.facebook.com/Ungarischer-Kulturverein-Chemnitz-und-Umgebung-eV-229421257171599/" />
<meta name="twitter:card" content="summary_large_image" />
<script type="application/ld+json" class="yoast-schema-graph">{"@context":"https:\/\/schema.org","@graph":[{"@type":"WebPage","@id":"https:\/\/www.ungarn-in-sachsen.de\/hu\/veranstaltung\/iskolai-projekt-kulinaris-vilagkoerueli-utazas-diakokkal-nem-nyilvanos\/","url":"https:\/\/www.ungarn-in-sachsen.de\/hu\/veranstaltung\/iskolai-projekt-kulinaris-vilagkoerueli-utazas-diakokkal-nem-nyilvanos\/","name":"Iskolai projekt: Kulináris világkörüli utazás diákokkal (nem nyilvános) - Ungarischer Kulturverein Chemnitz und Umgebung e. V.","isPartOf":{"@id":"https:\/\/www.ungarn-in-sachsen.de\/hu\/#website"},"datePublished":"2025-04-03T12:36:16+00:00","breadcrumb":{"@id":"https:\/\/www.ungarn-in-sachsen.de\/hu\/veranstaltung\/iskolai-projekt-kulinaris-vilagkoerueli-utazas-diakokkal-nem-nyilvanos\/#breadcrumb"},"inLanguage":"hu","potentialAction":[{"@type":"ReadAction","target":["https:\/\/www.ungarn-in-sachsen.de\/hu\/veranstaltung\/iskolai-projekt-kulinaris-vilagkoerueli-utazas-diakokkal-nem-nyilvanos\/"]}]},{"@type":"BreadcrumbList","@id":"https:\/\/www.ungarn-in-sachsen.de\/hu\/veranstaltung\/iskolai-projekt-kulinaris-vilagkoerueli-utazas-diakokkal-nem-nyilvanos\/#breadcrumb","itemListElement":[{"@type":"ListItem","position":1,"name":"Startseite","item":"https:\/\/www.ungarn-in-sachsen.de\/hu\/"},{"@type":"ListItem","position":2,"name":"Események","item":"https:\/\/www.ungarn-in-sachsen.de\/hu\/kalender\/"},{"@type":"ListItem","position":3,"name":"Iskolai projekt: Kulináris világkörüli utazás diákokkal (nem nyilvános)"}]},{"@type":"WebSite","@id":"https:\/\/www.ungarn-in-sachsen.de\/hu\/#website","url":"https:\/\/www.ungarn-in-sachsen.de\/hu\/","name":"Ungarischer Kulturverein Chemnitz und Umgebung e. V.","description":"Treffpunkt für Freunde der ungarischen Kultur","publisher":{"@id":"https:\/\/www.ungarn-in-sachsen.de\/hu\/#organization"},"potentialAction":[{"@type":"SearchAction","target":{"@type":"EntryPoint","urlTemplate":"https:\/\/www.ungarn-in-sachsen.de\/hu\/?s={search_term_string}"},"query-input":{"@type":"PropertyValueSpecification","valueRequired":true,"valueName":"search_term_string"}}],"inLanguage":"hu"},{"@type":"Organization","@id":"https:\/\/www.ungarn-in-sachsen.de\/hu\/#organization","name":"Ungarischer Kulturverein Chemnitz und Umgebung e.V.","url":"https:\/\/www.ungarn-in-sachsen.de\/hu\/","logo":{"@type":"ImageObject","inLanguage":"hu","@id":"https:\/\/www.ungarn-in-sachsen.de\/hu\/#\/schema\/logo\/image\/","url":"https:\/\/www.ungarn-in-sachsen.de\/wp-content\/uploads\/2019\/04\/logo.jpg","contentUrl":"https:\/\/www.ungarn-in-sachsen.de\/wp-content\/uploads\/2019\/04\/logo.jpg","width":266,"height":170,"caption":"Ungarischer Kulturverein Chemnitz und Umgebung e.V."},"image":{"@id":"https:\/\/www.ungarn-in-sachsen.de\/hu\/#\/schema\/logo\/image\/"},"sameAs":["https:\/\/www.facebook.com\/Ungarischer-Kulturverein-Chemnitz-und-Umgebung-eV-229421257171599\/"]}]}</script>
<!-- / Yoast SEO plugin. -->

Iskolai projekt: Kulináris világkörüli utazás diákokkal (nem nyilvános) - Ungarischer Kulturverein Chemnitz und Umgebung e. V.

Egyesületünket felkérték, hogy mutassa be Magyarországot egy projekthétre a Chemnitzi Schulmodellben. A projekthét keretében a tanulók minden nap különböző nemzetek konyhájával ismerkednek. Dobos Péter és Szivek Katalin fogja bemutatni a [&hellip;]

Események

Treffpunkt für Freunde der ungarischen Kultur
