{"id":34948,"date":"2025-04-03T14:44:38","date_gmt":"2025-04-03T12:44:38","guid":{"rendered":"https:\/\/www.ungarn-in-sachsen.de\/veranstaltung\/magyaros-fozoest-2025-aprilis-30-en\/"},"modified":"2025-04-19T14:45:32","modified_gmt":"2025-04-19T12:45:32","slug":"magyaros-fozoest-2025-aprilis-30-en","status":"publish","type":"tribe_events","link":"https:\/\/www.ungarn-in-sachsen.de\/hu\/veranstaltung\/magyaros-fozoest-2025-aprilis-30-en\/","title":{"rendered":"Magyaros f\u0151z\u0151est 2025. \u00e1prilis 30-\u00e1n"},"content":{"rendered":"<h1>Ismerje meg a magyar konyh\u00e1t<\/h1>\n<p>A tanfolyam kezd\u0151knek \u00e9s profi szak\u00e1csoknak egyar\u00e1nt alkalmas. Ismerje meg a magyar konyh\u00e1t \u00e9s ez\u00e1ltal az \u00e9letkult\u00fara egy darabj\u00e1t. H\u00e1rom fog\u00e1sban k\u00f6z\u00f6sen k\u00e9sz\u00edtetek el egy kis v\u00e1logat\u00e1st a jellegzetes finoms\u00e1gokb\u00f3l. T\u00f6bbre is v\u00e1gyni fogtok t\u0151le. A tanfolyam a Chemnitzi \u00e9s k\u00f6rny\u00e9kbeli Magyar Kultur\u00e1lis Egyes\u00fclet \u00e9s a Chemnitzi Feln\u0151ttk\u00e9pz\u00e9si K\u00f6zpont egy\u00fcttm\u0171k\u00f6d\u00e9s\u00e9ben val\u00f3sul meg. Helysz\u00edn: TIETZ Chemnitz, Moritzstra\u00dfe 20, 09111 Chemnitz, Raum 5.23.0 A r\u00e9szv\u00e9teli d\u00edj 56,63 EUR. A rendezv\u00e9nyen val\u00f3 r\u00e9szv\u00e9tel a VHS Chemnitzn\u00e9l foglalhat\u00f3: <a href=\"https:\/\/www.vhs-chemnitz.de\/p\/kunst-und-kultur\/kulturelle-bildung\/internationale-kueche-557-C-S2527600\">https:\/\/www.vhs-chemnitz.de\/p\/kunst-und-kultur\/kulturelle-bildung\/internationale-kueche-557-C-S2527600<\/a><\/p>\n","protected":false},"excerpt":{"rendered":"<p>Ismerje meg a magyar konyh\u00e1t A tanfolyam kezd\u0151knek \u00e9s profi szak\u00e1csoknak egyar\u00e1nt alkalmas. Ismerje meg a magyar konyh\u00e1t \u00e9s ez\u00e1ltal az \u00e9letkult\u00fara egy darabj\u00e1t. H\u00e1rom fog\u00e1sban k\u00f6z\u00f6sen k\u00e9sz\u00edtetek el egy [&hellip;]<\/p>\n","protected":false},"author":7,"featured_media":0,"template":"","meta":{"_et_pb_use_builder":"","_et_pb_old_content":"","_et_gb_content_width":"","_tribe_events_status":"","_tribe_events_status_reason":"","footnotes":""},"tags":[],"tribe_events_cat":[130],"class_list":["post-34948","tribe_events","type-tribe_events","status-publish","hentry","tribe_events_cat-kuelso-szolgaltatoi-rendezveny","cat_kuelso-szolgaltatoi-rendezveny"],"yoast_head":"<!-- This site is optimized with the Yoast SEO plugin v27.4 - https:\/\/yoast.com\/product\/yoast-seo-wordpress\/ -->\n<title>Magyaros f\u0151z\u0151est 2025. \u00e1prilis 30-\u00e1n - Ungarischer Kulturverein Chemnitz und Umgebung e. V.<\/title>\n<meta name=\"robots\" content=\"index, follow, max-snippet:-1, max-image-preview:large, max-video-preview:-1\" \/>\n<link rel=\"canonical\" href=\"https:\/\/www.ungarn-in-sachsen.de\/hu\/veranstaltung\/magyaros-fozoest-2025-aprilis-30-en\/\" \/>\n<meta property=\"og:locale\" content=\"hu_HU\" \/>\n<meta property=\"og:type\" content=\"article\" \/>\n<meta property=\"og:title\" content=\"Magyaros f\u0151z\u0151est 2025. \u00e1prilis 30-\u00e1n - Ungarischer Kulturverein Chemnitz und Umgebung e. V.\" \/>\n<meta property=\"og:description\" content=\"Ismerje meg a magyar konyh\u00e1t A tanfolyam kezd\u0151knek \u00e9s profi szak\u00e1csoknak egyar\u00e1nt alkalmas. Ismerje meg a magyar konyh\u00e1t \u00e9s ez\u00e1ltal az \u00e9letkult\u00fara egy darabj\u00e1t. H\u00e1rom fog\u00e1sban k\u00f6z\u00f6sen k\u00e9sz\u00edtetek el egy [&hellip;]\" \/>\n<meta property=\"og:url\" content=\"https:\/\/www.ungarn-in-sachsen.de\/hu\/veranstaltung\/magyaros-fozoest-2025-aprilis-30-en\/\" \/>\n<meta property=\"og:site_name\" content=\"Ungarischer Kulturverein Chemnitz und Umgebung e. V.\" \/>\n<meta property=\"article:publisher\" content=\"https:\/\/www.facebook.com\/Ungarischer-Kulturverein-Chemnitz-und-Umgebung-eV-229421257171599\/\" \/>\n<meta property=\"article:modified_time\" content=\"2025-04-19T12:45:32+00:00\" \/>\n<meta name=\"twitter:card\" content=\"summary_large_image\" \/>\n<meta name=\"twitter:label1\" content=\"Becs\u00fclt olvas\u00e1si id\u0151\" \/>\n\t<meta name=\"twitter:data1\" content=\"1 perc\" \/>\n<script type=\"application\/ld+json\" class=\"yoast-schema-graph\">{\"@context\":\"https:\\\/\\\/schema.org\",\"@graph\":[{\"@type\":\"WebPage\",\"@id\":\"https:\\\/\\\/www.ungarn-in-sachsen.de\\\/hu\\\/veranstaltung\\\/magyaros-fozoest-2025-aprilis-30-en\\\/\",\"url\":\"https:\\\/\\\/www.ungarn-in-sachsen.de\\\/hu\\\/veranstaltung\\\/magyaros-fozoest-2025-aprilis-30-en\\\/\",\"name\":\"Magyaros f\u0151z\u0151est 2025. \u00e1prilis 30-\u00e1n - Ungarischer Kulturverein Chemnitz und Umgebung e. V.\",\"isPartOf\":{\"@id\":\"https:\\\/\\\/www.ungarn-in-sachsen.de\\\/hu\\\/#website\"},\"datePublished\":\"2025-04-03T12:44:38+00:00\",\"dateModified\":\"2025-04-19T12:45:32+00:00\",\"breadcrumb\":{\"@id\":\"https:\\\/\\\/www.ungarn-in-sachsen.de\\\/hu\\\/veranstaltung\\\/magyaros-fozoest-2025-aprilis-30-en\\\/#breadcrumb\"},\"inLanguage\":\"hu\",\"potentialAction\":[{\"@type\":\"ReadAction\",\"target\":[\"https:\\\/\\\/www.ungarn-in-sachsen.de\\\/hu\\\/veranstaltung\\\/magyaros-fozoest-2025-aprilis-30-en\\\/\"]}]},{\"@type\":\"BreadcrumbList\",\"@id\":\"https:\\\/\\\/www.ungarn-in-sachsen.de\\\/hu\\\/veranstaltung\\\/magyaros-fozoest-2025-aprilis-30-en\\\/#breadcrumb\",\"itemListElement\":[{\"@type\":\"ListItem\",\"position\":1,\"name\":\"Startseite\",\"item\":\"https:\\\/\\\/www.ungarn-in-sachsen.de\\\/hu\\\/\"},{\"@type\":\"ListItem\",\"position\":2,\"name\":\"Esem\u00e9nyek\",\"item\":\"https:\\\/\\\/www.ungarn-in-sachsen.de\\\/hu\\\/kalender\\\/\"},{\"@type\":\"ListItem\",\"position\":3,\"name\":\"Magyaros f\u0151z\u0151est 2025. \u00e1prilis 30-\u00e1n\"}]},{\"@type\":\"WebSite\",\"@id\":\"https:\\\/\\\/www.ungarn-in-sachsen.de\\\/hu\\\/#website\",\"url\":\"https:\\\/\\\/www.ungarn-in-sachsen.de\\\/hu\\\/\",\"name\":\"Ungarischer Kulturverein Chemnitz und Umgebung e. V.\",\"description\":\"Treffpunkt f\u00fcr Freunde der ungarischen Kultur\",\"publisher\":{\"@id\":\"https:\\\/\\\/www.ungarn-in-sachsen.de\\\/hu\\\/#organization\"},\"potentialAction\":[{\"@type\":\"SearchAction\",\"target\":{\"@type\":\"EntryPoint\",\"urlTemplate\":\"https:\\\/\\\/www.ungarn-in-sachsen.de\\\/hu\\\/?s={search_term_string}\"},\"query-input\":{\"@type\":\"PropertyValueSpecification\",\"valueRequired\":true,\"valueName\":\"search_term_string\"}}],\"inLanguage\":\"hu\"},{\"@type\":\"Organization\",\"@id\":\"https:\\\/\\\/www.ungarn-in-sachsen.de\\\/hu\\\/#organization\",\"name\":\"Ungarischer Kulturverein Chemnitz und Umgebung e.V.\",\"url\":\"https:\\\/\\\/www.ungarn-in-sachsen.de\\\/hu\\\/\",\"logo\":{\"@type\":\"ImageObject\",\"inLanguage\":\"hu\",\"@id\":\"https:\\\/\\\/www.ungarn-in-sachsen.de\\\/hu\\\/#\\\/schema\\\/logo\\\/image\\\/\",\"url\":\"https:\\\/\\\/www.ungarn-in-sachsen.de\\\/wp-content\\\/uploads\\\/2019\\\/04\\\/logo.jpg\",\"contentUrl\":\"https:\\\/\\\/www.ungarn-in-sachsen.de\\\/wp-content\\\/uploads\\\/2019\\\/04\\\/logo.jpg\",\"width\":266,\"height\":170,\"caption\":\"Ungarischer Kulturverein Chemnitz und Umgebung e.V.\"},\"image\":{\"@id\":\"https:\\\/\\\/www.ungarn-in-sachsen.de\\\/hu\\\/#\\\/schema\\\/logo\\\/image\\\/\"},\"sameAs\":[\"https:\\\/\\\/www.facebook.com\\\/Ungarischer-Kulturverein-Chemnitz-und-Umgebung-eV-229421257171599\\\/\"]}]}<\/script>\n<!-- \/ Yoast SEO plugin. -->","yoast_head_json":{"title":"Magyaros f\u0151z\u0151est 2025. \u00e1prilis 30-\u00e1n - Ungarischer Kulturverein Chemnitz und Umgebung e. V.","robots":{"index":"index","follow":"follow","max-snippet":"max-snippet:-1","max-image-preview":"max-image-preview:large","max-video-preview":"max-video-preview:-1"},"canonical":"https:\/\/www.ungarn-in-sachsen.de\/hu\/veranstaltung\/magyaros-fozoest-2025-aprilis-30-en\/","og_locale":"hu_HU","og_type":"article","og_title":"Magyaros f\u0151z\u0151est 2025. \u00e1prilis 30-\u00e1n - Ungarischer Kulturverein Chemnitz und Umgebung e. V.","og_description":"Ismerje meg a magyar konyh\u00e1t A tanfolyam kezd\u0151knek \u00e9s profi szak\u00e1csoknak egyar\u00e1nt alkalmas. Ismerje meg a magyar konyh\u00e1t \u00e9s ez\u00e1ltal az \u00e9letkult\u00fara egy darabj\u00e1t. H\u00e1rom fog\u00e1sban k\u00f6z\u00f6sen k\u00e9sz\u00edtetek el egy [&hellip;]","og_url":"https:\/\/www.ungarn-in-sachsen.de\/hu\/veranstaltung\/magyaros-fozoest-2025-aprilis-30-en\/","og_site_name":"Ungarischer Kulturverein Chemnitz und Umgebung e. V.","article_publisher":"https:\/\/www.facebook.com\/Ungarischer-Kulturverein-Chemnitz-und-Umgebung-eV-229421257171599\/","article_modified_time":"2025-04-19T12:45:32+00:00","twitter_card":"summary_large_image","twitter_misc":{"Becs\u00fclt olvas\u00e1si id\u0151":"1 perc"},"schema":{"@context":"https:\/\/schema.org","@graph":[{"@type":"WebPage","@id":"https:\/\/www.ungarn-in-sachsen.de\/hu\/veranstaltung\/magyaros-fozoest-2025-aprilis-30-en\/","url":"https:\/\/www.ungarn-in-sachsen.de\/hu\/veranstaltung\/magyaros-fozoest-2025-aprilis-30-en\/","name":"Magyaros f\u0151z\u0151est 2025. \u00e1prilis 30-\u00e1n - Ungarischer Kulturverein Chemnitz und Umgebung e. V.","isPartOf":{"@id":"https:\/\/www.ungarn-in-sachsen.de\/hu\/#website"},"datePublished":"2025-04-03T12:44:38+00:00","dateModified":"2025-04-19T12:45:32+00:00","breadcrumb":{"@id":"https:\/\/www.ungarn-in-sachsen.de\/hu\/veranstaltung\/magyaros-fozoest-2025-aprilis-30-en\/#breadcrumb"},"inLanguage":"hu","potentialAction":[{"@type":"ReadAction","target":["https:\/\/www.ungarn-in-sachsen.de\/hu\/veranstaltung\/magyaros-fozoest-2025-aprilis-30-en\/"]}]},{"@type":"BreadcrumbList","@id":"https:\/\/www.ungarn-in-sachsen.de\/hu\/veranstaltung\/magyaros-fozoest-2025-aprilis-30-en\/#breadcrumb","itemListElement":[{"@type":"ListItem","position":1,"name":"Startseite","item":"https:\/\/www.ungarn-in-sachsen.de\/hu\/"},{"@type":"ListItem","position":2,"name":"Esem\u00e9nyek","item":"https:\/\/www.ungarn-in-sachsen.de\/hu\/kalender\/"},{"@type":"ListItem","position":3,"name":"Magyaros f\u0151z\u0151est 2025. \u00e1prilis 30-\u00e1n"}]},{"@type":"WebSite","@id":"https:\/\/www.ungarn-in-sachsen.de\/hu\/#website","url":"https:\/\/www.ungarn-in-sachsen.de\/hu\/","name":"Ungarischer Kulturverein Chemnitz und Umgebung e. V.","description":"Treffpunkt f\u00fcr Freunde der ungarischen Kultur","publisher":{"@id":"https:\/\/www.ungarn-in-sachsen.de\/hu\/#organization"},"potentialAction":[{"@type":"SearchAction","target":{"@type":"EntryPoint","urlTemplate":"https:\/\/www.ungarn-in-sachsen.de\/hu\/?s={search_term_string}"},"query-input":{"@type":"PropertyValueSpecification","valueRequired":true,"valueName":"search_term_string"}}],"inLanguage":"hu"},{"@type":"Organization","@id":"https:\/\/www.ungarn-in-sachsen.de\/hu\/#organization","name":"Ungarischer Kulturverein Chemnitz und Umgebung e.V.","url":"https:\/\/www.ungarn-in-sachsen.de\/hu\/","logo":{"@type":"ImageObject","inLanguage":"hu","@id":"https:\/\/www.ungarn-in-sachsen.de\/hu\/#\/schema\/logo\/image\/","url":"https:\/\/www.ungarn-in-sachsen.de\/wp-content\/uploads\/2019\/04\/logo.jpg","contentUrl":"https:\/\/www.ungarn-in-sachsen.de\/wp-content\/uploads\/2019\/04\/logo.jpg","width":266,"height":170,"caption":"Ungarischer Kulturverein Chemnitz und Umgebung e.V."},"image":{"@id":"https:\/\/www.ungarn-in-sachsen.de\/hu\/#\/schema\/logo\/image\/"},"sameAs":["https:\/\/www.facebook.com\/Ungarischer-Kulturverein-Chemnitz-und-Umgebung-eV-229421257171599\/"]}]}},"_links":{"self":[{"href":"https:\/\/www.ungarn-in-sachsen.de\/hu\/wp-json\/wp\/v2\/tribe_events\/34948","targetHints":{"allow":["GET"]}}],"collection":[{"href":"https:\/\/www.ungarn-in-sachsen.de\/hu\/wp-json\/wp\/v2\/tribe_events"}],"about":[{"href":"https:\/\/www.ungarn-in-sachsen.de\/hu\/wp-json\/wp\/v2\/types\/tribe_events"}],"author":[{"embeddable":true,"href":"https:\/\/www.ungarn-in-sachsen.de\/hu\/wp-json\/wp\/v2\/users\/7"}],"version-history":[{"count":0,"href":"https:\/\/www.ungarn-in-sachsen.de\/hu\/wp-json\/wp\/v2\/tribe_events\/34948\/revisions"}],"wp:attachment":[{"href":"https:\/\/www.ungarn-in-sachsen.de\/hu\/wp-json\/wp\/v2\/media?parent=34948"}],"wp:term":[{"taxonomy":"post_tag","embeddable":true,"href":"https:\/\/www.ungarn-in-sachsen.de\/hu\/wp-json\/wp\/v2\/tags?post=34948"},{"taxonomy":"tribe_events_cat","embeddable":true,"href":"https:\/\/www.ungarn-in-sachsen.de\/hu\/wp-json\/wp\/v2\/tribe_events_cat?post=34948"}],"curies":[{"name":"wp","href":"https:\/\/api.w.org\/{rel}","templated":true}]}}

Magyaros főzőest 2025. április 30-án

<h1>Ismerje meg a magyar konyhát</h1>
<p>A tanfolyam kezdőknek és profi szakácsoknak egyaránt alkalmas. Ismerje meg a magyar konyhát és ezáltal az életkultúra egy darabját. Három fogásban közösen készítetek el egy kis válogatást a jellegzetes finomságokból. Többre is vágyni fogtok tőle. A tanfolyam a Chemnitzi és környékbeli Magyar Kulturális Egyesület és a Chemnitzi Felnőttképzési Központ együttműködésében valósul meg. Helyszín: TIETZ Chemnitz, Moritzstraße 20, 09111 Chemnitz, Raum 5.23.0 A részvételi díj 56,63 EUR. A rendezvényen való részvétel a VHS Chemnitznél foglalható: <a href="https://www.vhs-chemnitz.de/p/kunst-und-kultur/kulturelle-bildung/internationale-kueche-557-C-S2527600">https://www.vhs-chemnitz.de/p/kunst-und-kultur/kulturelle-bildung/internationale-kueche-557-C-S2527600</a></p>

<p>Ismerje meg a magyar konyhát A tanfolyam kezdőknek és profi szakácsoknak egyaránt alkalmas. Ismerje meg a magyar konyhát és ezáltal az életkultúra egy darabját. Három fogásban közösen készítetek el egy [&hellip;]</p>

<!-- This site is optimized with the Yoast SEO plugin v27.4 - https://yoast.com/product/yoast-seo-wordpress/ -->
<title>Magyaros főzőest 2025. április 30-án - Ungarischer Kulturverein Chemnitz und Umgebung e. V.</title>
<meta name="robots" content="index, follow, max-snippet:-1, max-image-preview:large, max-video-preview:-1" />
<link rel="canonical" href="https://www.ungarn-in-sachsen.de/hu/veranstaltung/magyaros-fozoest-2025-aprilis-30-en/" />
<meta property="og:locale" content="hu_HU" />
<meta property="og:type" content="article" />
<meta property="og:title" content="Magyaros főzőest 2025. április 30-án - Ungarischer Kulturverein Chemnitz und Umgebung e. V." />
<meta property="og:description" content="Ismerje meg a magyar konyhát A tanfolyam kezdőknek és profi szakácsoknak egyaránt alkalmas. Ismerje meg a magyar konyhát és ezáltal az életkultúra egy darabját. Három fogásban közösen készítetek el egy [&hellip;]" />
<meta property="og:url" content="https://www.ungarn-in-sachsen.de/hu/veranstaltung/magyaros-fozoest-2025-aprilis-30-en/" />
<meta property="og:site_name" content="Ungarischer Kulturverein Chemnitz und Umgebung e. V." />
<meta property="article:publisher" content="https://www.facebook.com/Ungarischer-Kulturverein-Chemnitz-und-Umgebung-eV-229421257171599/" />
<meta property="article:modified_time" content="2025-04-19T12:45:32+00:00" />
<meta name="twitter:card" content="summary_large_image" />
<meta name="twitter:label1" content="Becsült olvasási idő" />
	<meta name="twitter:data1" content="1 perc" />
<script type="application/ld+json" class="yoast-schema-graph">{"@context":"https:\/\/schema.org","@graph":[{"@type":"WebPage","@id":"https:\/\/www.ungarn-in-sachsen.de\/hu\/veranstaltung\/magyaros-fozoest-2025-aprilis-30-en\/","url":"https:\/\/www.ungarn-in-sachsen.de\/hu\/veranstaltung\/magyaros-fozoest-2025-aprilis-30-en\/","name":"Magyaros főzőest 2025. április 30-án - Ungarischer Kulturverein Chemnitz und Umgebung e. V.","isPartOf":{"@id":"https:\/\/www.ungarn-in-sachsen.de\/hu\/#website"},"datePublished":"2025-04-03T12:44:38+00:00","dateModified":"2025-04-19T12:45:32+00:00","breadcrumb":{"@id":"https:\/\/www.ungarn-in-sachsen.de\/hu\/veranstaltung\/magyaros-fozoest-2025-aprilis-30-en\/#breadcrumb"},"inLanguage":"hu","potentialAction":[{"@type":"ReadAction","target":["https:\/\/www.ungarn-in-sachsen.de\/hu\/veranstaltung\/magyaros-fozoest-2025-aprilis-30-en\/"]}]},{"@type":"BreadcrumbList","@id":"https:\/\/www.ungarn-in-sachsen.de\/hu\/veranstaltung\/magyaros-fozoest-2025-aprilis-30-en\/#breadcrumb","itemListElement":[{"@type":"ListItem","position":1,"name":"Startseite","item":"https:\/\/www.ungarn-in-sachsen.de\/hu\/"},{"@type":"ListItem","position":2,"name":"Események","item":"https:\/\/www.ungarn-in-sachsen.de\/hu\/kalender\/"},{"@type":"ListItem","position":3,"name":"Magyaros főzőest 2025. április 30-án"}]},{"@type":"WebSite","@id":"https:\/\/www.ungarn-in-sachsen.de\/hu\/#website","url":"https:\/\/www.ungarn-in-sachsen.de\/hu\/","name":"Ungarischer Kulturverein Chemnitz und Umgebung e. V.","description":"Treffpunkt für Freunde der ungarischen Kultur","publisher":{"@id":"https:\/\/www.ungarn-in-sachsen.de\/hu\/#organization"},"potentialAction":[{"@type":"SearchAction","target":{"@type":"EntryPoint","urlTemplate":"https:\/\/www.ungarn-in-sachsen.de\/hu\/?s={search_term_string}"},"query-input":{"@type":"PropertyValueSpecification","valueRequired":true,"valueName":"search_term_string"}}],"inLanguage":"hu"},{"@type":"Organization","@id":"https:\/\/www.ungarn-in-sachsen.de\/hu\/#organization","name":"Ungarischer Kulturverein Chemnitz und Umgebung e.V.","url":"https:\/\/www.ungarn-in-sachsen.de\/hu\/","logo":{"@type":"ImageObject","inLanguage":"hu","@id":"https:\/\/www.ungarn-in-sachsen.de\/hu\/#\/schema\/logo\/image\/","url":"https:\/\/www.ungarn-in-sachsen.de\/wp-content\/uploads\/2019\/04\/logo.jpg","contentUrl":"https:\/\/www.ungarn-in-sachsen.de\/wp-content\/uploads\/2019\/04\/logo.jpg","width":266,"height":170,"caption":"Ungarischer Kulturverein Chemnitz und Umgebung e.V."},"image":{"@id":"https:\/\/www.ungarn-in-sachsen.de\/hu\/#\/schema\/logo\/image\/"},"sameAs":["https:\/\/www.facebook.com\/Ungarischer-Kulturverein-Chemnitz-und-Umgebung-eV-229421257171599\/"]}]}</script>
<!-- / Yoast SEO plugin. -->

Magyaros főzőest 2025. április 30-án - Ungarischer Kulturverein Chemnitz und Umgebung e. V.

Ismerje meg a magyar konyhát A tanfolyam kezdőknek és profi szakácsoknak egyaránt alkalmas. Ismerje meg a magyar konyhát és ezáltal az életkultúra egy darabját. Három fogásban közösen készítetek el egy [&hellip;]

Események

Treffpunkt für Freunde der ungarischen Kultur
