{"id":36061,"date":"2026-01-03T20:17:47","date_gmt":"2026-01-03T19:17:47","guid":{"rendered":"https:\/\/www.ungarn-in-sachsen.de\/veranstaltung\/ikw-megnyitasa-2026-szeptember-12\/"},"modified":"2026-01-03T20:17:47","modified_gmt":"2026-01-03T19:17:47","slug":"ikw-megnyitasa-2026-szeptember-12","status":"publish","type":"tribe_events","link":"https:\/\/www.ungarn-in-sachsen.de\/hu\/veranstaltung\/ikw-megnyitasa-2026-szeptember-12\/","title":{"rendered":"IKW megnyit\u00e1sa 2026. szeptember 12."},"content":{"rendered":"<p>Er\u00f6ffnung der Interkulturellen Wochen auf dem Markt in Chemnitz.<\/p>\n<p>Egyes\u00fclet\u00fcnk standdal mutatkozik be.<\/p>\n<p>Kivonat a programf\u00fczetb\u0151l \u2013 hamarosan k\u00f6vetkezik.<\/p>\n<p>&nbsp;<\/p>\n<p><em>A kult\u00farak\u00f6zi heteket Chemnitzben a migr\u00e1ci\u00f3s megb\u00edzott vezeti, szoros egy\u00fcttm\u0171k\u00f6d\u00e9sben a migr\u00e1ci\u00f3s tan\u00e1csad\u00f3 test\u00fclettel, a szoci\u00e1lis hivatalral, az AGIUA e. V. migr\u00e1ci\u00f3s szoci\u00e1lis \u00e9s ifj\u00fas\u00e1gi munk\u00e1val foglalkoz\u00f3 egyes\u00fclettel, az akCente e. V. egyes\u00fclethez tartoz\u00f3 Lila Villa n\u0151i k\u00f6zponttal, valamint sz\u00e1mos chemnitzi egyes\u00fclet \u00e9s kezdem\u00e9nyez\u00e9s t\u00e1mogat\u00e1s\u00e1val.<\/em><\/p>\n<p><strong>Link az IKW 2026 programhoz<\/strong> <u>\u2013<\/u> hamarosan k\u00f6vetkezik.<\/p>\n<p>&nbsp;<\/p>\n<p>&nbsp;<\/p>\n<p>Minden rendezv\u00e9nyre a k\u00f6vetkez\u0151k vonatkoznak: A rendezv\u00e9nyr\u0151l kiz\u00e1rjuk azokat a szem\u00e9lyeket, akik sz\u00e9ls\u0151s\u00e9ges szervezetekhez tartoznak, sz\u00e9ls\u0151s\u00e9ges szc\u00e9n\u00e1hoz k\u00f6t\u0151dnek, vagy a m\u00faltban m\u00e1r tettek rasszista, nacionalista, antiszemita vagy m\u00e1s embertelen kijelent\u00e9seket. A szervez\u0151k fenntartj\u00e1k a jogot, hogy \u00e9ljenek a h\u00e1zi jogukkal, \u00e9s megtagadj\u00e1k ezekt\u0151l a szem\u00e9lyekt\u0151l a rendezv\u00e9nyre val\u00f3 bel\u00e9p\u00e9st, vagy kiz\u00e1rj\u00e1k \u0151ket onnan.<\/p>\n","protected":false},"excerpt":{"rendered":"<p>Er\u00f6ffnung der Interkulturellen Wochen auf dem Markt in Chemnitz. Egyes\u00fclet\u00fcnk standdal mutatkozik be. Kivonat a programf\u00fczetb\u0151l \u2013 hamarosan k\u00f6vetkezik. &nbsp; A kult\u00farak\u00f6zi heteket Chemnitzben a migr\u00e1ci\u00f3s megb\u00edzott vezeti, szoros egy\u00fcttm\u0171k\u00f6d\u00e9sben [&hellip;]<\/p>\n","protected":false},"author":7,"featured_media":0,"template":"","meta":{"_et_pb_use_builder":"","_et_pb_old_content":"","_et_gb_content_width":"","_tribe_events_status":"","_tribe_events_status_reason":"","footnotes":""},"tags":[],"tribe_events_cat":[128],"class_list":["post-36061","tribe_events","type-tribe_events","status-publish","hentry","tribe_events_cat-bemutatas","cat_bemutatas"],"yoast_head":"<!-- This site is optimized with the Yoast SEO plugin v27.5 - https:\/\/yoast.com\/product\/yoast-seo-wordpress\/ -->\n<title>IKW megnyit\u00e1sa 2026. szeptember 12.<\/title>\n<meta name=\"description\" content=\"Egyes\u00fclet\u00fcnk bemutatkozik a Chemnitz-i piacon: l\u00e1togasson el standunkhoz az IKW megnyit\u00f3j\u00e1n, 2026. szeptember 12-\u00e9n.\" \/>\n<meta name=\"robots\" content=\"index, follow, max-snippet:-1, max-image-preview:large, max-video-preview:-1\" \/>\n<link rel=\"canonical\" href=\"https:\/\/www.ungarn-in-sachsen.de\/hu\/veranstaltung\/ikw-megnyitasa-2026-szeptember-12\/\" \/>\n<meta property=\"og:locale\" content=\"hu_HU\" \/>\n<meta property=\"og:type\" content=\"article\" \/>\n<meta property=\"og:title\" content=\"IKW megnyit\u00e1sa 2026. szeptember 12.\" \/>\n<meta property=\"og:description\" content=\"Egyes\u00fclet\u00fcnk bemutatkozik a Chemnitz-i piacon: l\u00e1togasson el standunkhoz az IKW megnyit\u00f3j\u00e1n, 2026. szeptember 12-\u00e9n.\" \/>\n<meta property=\"og:url\" content=\"https:\/\/www.ungarn-in-sachsen.de\/hu\/veranstaltung\/ikw-megnyitasa-2026-szeptember-12\/\" \/>\n<meta property=\"og:site_name\" content=\"Ungarischer Kulturverein Chemnitz und Umgebung e. V.\" \/>\n<meta property=\"article:publisher\" content=\"https:\/\/www.facebook.com\/Ungarischer-Kulturverein-Chemnitz-und-Umgebung-eV-229421257171599\/\" \/>\n<meta name=\"twitter:card\" content=\"summary_large_image\" \/>\n<meta name=\"twitter:label1\" content=\"Becs\u00fclt olvas\u00e1si id\u0151\" \/>\n\t<meta name=\"twitter:data1\" content=\"1 perc\" \/>\n<script type=\"application\/ld+json\" class=\"yoast-schema-graph\">{\"@context\":\"https:\\\/\\\/schema.org\",\"@graph\":[{\"@type\":\"WebPage\",\"@id\":\"https:\\\/\\\/www.ungarn-in-sachsen.de\\\/hu\\\/veranstaltung\\\/ikw-megnyitasa-2026-szeptember-12\\\/\",\"url\":\"https:\\\/\\\/www.ungarn-in-sachsen.de\\\/hu\\\/veranstaltung\\\/ikw-megnyitasa-2026-szeptember-12\\\/\",\"name\":\"IKW megnyit\u00e1sa 2026. szeptember 12.\",\"isPartOf\":{\"@id\":\"https:\\\/\\\/www.ungarn-in-sachsen.de\\\/hu\\\/#website\"},\"datePublished\":\"2026-01-03T19:17:47+00:00\",\"description\":\"Egyes\u00fclet\u00fcnk bemutatkozik a Chemnitz-i piacon: l\u00e1togasson el standunkhoz az IKW megnyit\u00f3j\u00e1n, 2026. szeptember 12-\u00e9n.\",\"breadcrumb\":{\"@id\":\"https:\\\/\\\/www.ungarn-in-sachsen.de\\\/hu\\\/veranstaltung\\\/ikw-megnyitasa-2026-szeptember-12\\\/#breadcrumb\"},\"inLanguage\":\"hu\",\"potentialAction\":[{\"@type\":\"ReadAction\",\"target\":[\"https:\\\/\\\/www.ungarn-in-sachsen.de\\\/hu\\\/veranstaltung\\\/ikw-megnyitasa-2026-szeptember-12\\\/\"]}]},{\"@type\":\"BreadcrumbList\",\"@id\":\"https:\\\/\\\/www.ungarn-in-sachsen.de\\\/hu\\\/veranstaltung\\\/ikw-megnyitasa-2026-szeptember-12\\\/#breadcrumb\",\"itemListElement\":[{\"@type\":\"ListItem\",\"position\":1,\"name\":\"Startseite\",\"item\":\"https:\\\/\\\/www.ungarn-in-sachsen.de\\\/hu\\\/\"},{\"@type\":\"ListItem\",\"position\":2,\"name\":\"Esem\u00e9nyek\",\"item\":\"https:\\\/\\\/www.ungarn-in-sachsen.de\\\/hu\\\/kalender\\\/\"},{\"@type\":\"ListItem\",\"position\":3,\"name\":\"IKW megnyit\u00e1sa 2026. szeptember 12.\"}]},{\"@type\":\"WebSite\",\"@id\":\"https:\\\/\\\/www.ungarn-in-sachsen.de\\\/hu\\\/#website\",\"url\":\"https:\\\/\\\/www.ungarn-in-sachsen.de\\\/hu\\\/\",\"name\":\"Ungarischer Kulturverein Chemnitz und Umgebung e. V.\",\"description\":\"Treffpunkt f\u00fcr Freunde der ungarischen Kultur\",\"publisher\":{\"@id\":\"https:\\\/\\\/www.ungarn-in-sachsen.de\\\/hu\\\/#organization\"},\"potentialAction\":[{\"@type\":\"SearchAction\",\"target\":{\"@type\":\"EntryPoint\",\"urlTemplate\":\"https:\\\/\\\/www.ungarn-in-sachsen.de\\\/hu\\\/?s={search_term_string}\"},\"query-input\":{\"@type\":\"PropertyValueSpecification\",\"valueRequired\":true,\"valueName\":\"search_term_string\"}}],\"inLanguage\":\"hu\"},{\"@type\":\"Organization\",\"@id\":\"https:\\\/\\\/www.ungarn-in-sachsen.de\\\/hu\\\/#organization\",\"name\":\"Ungarischer Kulturverein Chemnitz und Umgebung e.V.\",\"url\":\"https:\\\/\\\/www.ungarn-in-sachsen.de\\\/hu\\\/\",\"logo\":{\"@type\":\"ImageObject\",\"inLanguage\":\"hu\",\"@id\":\"https:\\\/\\\/www.ungarn-in-sachsen.de\\\/hu\\\/#\\\/schema\\\/logo\\\/image\\\/\",\"url\":\"https:\\\/\\\/www.ungarn-in-sachsen.de\\\/wp-content\\\/uploads\\\/2019\\\/04\\\/logo.jpg\",\"contentUrl\":\"https:\\\/\\\/www.ungarn-in-sachsen.de\\\/wp-content\\\/uploads\\\/2019\\\/04\\\/logo.jpg\",\"width\":266,\"height\":170,\"caption\":\"Ungarischer Kulturverein Chemnitz und Umgebung e.V.\"},\"image\":{\"@id\":\"https:\\\/\\\/www.ungarn-in-sachsen.de\\\/hu\\\/#\\\/schema\\\/logo\\\/image\\\/\"},\"sameAs\":[\"https:\\\/\\\/www.facebook.com\\\/Ungarischer-Kulturverein-Chemnitz-und-Umgebung-eV-229421257171599\\\/\"]}]}<\/script>\n<!-- \/ Yoast SEO plugin. -->","yoast_head_json":{"title":"IKW megnyit\u00e1sa 2026. szeptember 12.","description":"Egyes\u00fclet\u00fcnk bemutatkozik a Chemnitz-i piacon: l\u00e1togasson el standunkhoz az IKW megnyit\u00f3j\u00e1n, 2026. szeptember 12-\u00e9n.","robots":{"index":"index","follow":"follow","max-snippet":"max-snippet:-1","max-image-preview":"max-image-preview:large","max-video-preview":"max-video-preview:-1"},"canonical":"https:\/\/www.ungarn-in-sachsen.de\/hu\/veranstaltung\/ikw-megnyitasa-2026-szeptember-12\/","og_locale":"hu_HU","og_type":"article","og_title":"IKW megnyit\u00e1sa 2026. szeptember 12.","og_description":"Egyes\u00fclet\u00fcnk bemutatkozik a Chemnitz-i piacon: l\u00e1togasson el standunkhoz az IKW megnyit\u00f3j\u00e1n, 2026. szeptember 12-\u00e9n.","og_url":"https:\/\/www.ungarn-in-sachsen.de\/hu\/veranstaltung\/ikw-megnyitasa-2026-szeptember-12\/","og_site_name":"Ungarischer Kulturverein Chemnitz und Umgebung e. V.","article_publisher":"https:\/\/www.facebook.com\/Ungarischer-Kulturverein-Chemnitz-und-Umgebung-eV-229421257171599\/","twitter_card":"summary_large_image","twitter_misc":{"Becs\u00fclt olvas\u00e1si id\u0151":"1 perc"},"schema":{"@context":"https:\/\/schema.org","@graph":[{"@type":"WebPage","@id":"https:\/\/www.ungarn-in-sachsen.de\/hu\/veranstaltung\/ikw-megnyitasa-2026-szeptember-12\/","url":"https:\/\/www.ungarn-in-sachsen.de\/hu\/veranstaltung\/ikw-megnyitasa-2026-szeptember-12\/","name":"IKW megnyit\u00e1sa 2026. szeptember 12.","isPartOf":{"@id":"https:\/\/www.ungarn-in-sachsen.de\/hu\/#website"},"datePublished":"2026-01-03T19:17:47+00:00","description":"Egyes\u00fclet\u00fcnk bemutatkozik a Chemnitz-i piacon: l\u00e1togasson el standunkhoz az IKW megnyit\u00f3j\u00e1n, 2026. szeptember 12-\u00e9n.","breadcrumb":{"@id":"https:\/\/www.ungarn-in-sachsen.de\/hu\/veranstaltung\/ikw-megnyitasa-2026-szeptember-12\/#breadcrumb"},"inLanguage":"hu","potentialAction":[{"@type":"ReadAction","target":["https:\/\/www.ungarn-in-sachsen.de\/hu\/veranstaltung\/ikw-megnyitasa-2026-szeptember-12\/"]}]},{"@type":"BreadcrumbList","@id":"https:\/\/www.ungarn-in-sachsen.de\/hu\/veranstaltung\/ikw-megnyitasa-2026-szeptember-12\/#breadcrumb","itemListElement":[{"@type":"ListItem","position":1,"name":"Startseite","item":"https:\/\/www.ungarn-in-sachsen.de\/hu\/"},{"@type":"ListItem","position":2,"name":"Esem\u00e9nyek","item":"https:\/\/www.ungarn-in-sachsen.de\/hu\/kalender\/"},{"@type":"ListItem","position":3,"name":"IKW megnyit\u00e1sa 2026. szeptember 12."}]},{"@type":"WebSite","@id":"https:\/\/www.ungarn-in-sachsen.de\/hu\/#website","url":"https:\/\/www.ungarn-in-sachsen.de\/hu\/","name":"Ungarischer Kulturverein Chemnitz und Umgebung e. V.","description":"Treffpunkt f\u00fcr Freunde der ungarischen Kultur","publisher":{"@id":"https:\/\/www.ungarn-in-sachsen.de\/hu\/#organization"},"potentialAction":[{"@type":"SearchAction","target":{"@type":"EntryPoint","urlTemplate":"https:\/\/www.ungarn-in-sachsen.de\/hu\/?s={search_term_string}"},"query-input":{"@type":"PropertyValueSpecification","valueRequired":true,"valueName":"search_term_string"}}],"inLanguage":"hu"},{"@type":"Organization","@id":"https:\/\/www.ungarn-in-sachsen.de\/hu\/#organization","name":"Ungarischer Kulturverein Chemnitz und Umgebung e.V.","url":"https:\/\/www.ungarn-in-sachsen.de\/hu\/","logo":{"@type":"ImageObject","inLanguage":"hu","@id":"https:\/\/www.ungarn-in-sachsen.de\/hu\/#\/schema\/logo\/image\/","url":"https:\/\/www.ungarn-in-sachsen.de\/wp-content\/uploads\/2019\/04\/logo.jpg","contentUrl":"https:\/\/www.ungarn-in-sachsen.de\/wp-content\/uploads\/2019\/04\/logo.jpg","width":266,"height":170,"caption":"Ungarischer Kulturverein Chemnitz und Umgebung e.V."},"image":{"@id":"https:\/\/www.ungarn-in-sachsen.de\/hu\/#\/schema\/logo\/image\/"},"sameAs":["https:\/\/www.facebook.com\/Ungarischer-Kulturverein-Chemnitz-und-Umgebung-eV-229421257171599\/"]}]}},"_links":{"self":[{"href":"https:\/\/www.ungarn-in-sachsen.de\/hu\/wp-json\/wp\/v2\/tribe_events\/36061","targetHints":{"allow":["GET"]}}],"collection":[{"href":"https:\/\/www.ungarn-in-sachsen.de\/hu\/wp-json\/wp\/v2\/tribe_events"}],"about":[{"href":"https:\/\/www.ungarn-in-sachsen.de\/hu\/wp-json\/wp\/v2\/types\/tribe_events"}],"author":[{"embeddable":true,"href":"https:\/\/www.ungarn-in-sachsen.de\/hu\/wp-json\/wp\/v2\/users\/7"}],"version-history":[{"count":0,"href":"https:\/\/www.ungarn-in-sachsen.de\/hu\/wp-json\/wp\/v2\/tribe_events\/36061\/revisions"}],"wp:attachment":[{"href":"https:\/\/www.ungarn-in-sachsen.de\/hu\/wp-json\/wp\/v2\/media?parent=36061"}],"wp:term":[{"taxonomy":"post_tag","embeddable":true,"href":"https:\/\/www.ungarn-in-sachsen.de\/hu\/wp-json\/wp\/v2\/tags?post=36061"},{"taxonomy":"tribe_events_cat","embeddable":true,"href":"https:\/\/www.ungarn-in-sachsen.de\/hu\/wp-json\/wp\/v2\/tribe_events_cat?post=36061"}],"curies":[{"name":"wp","href":"https:\/\/api.w.org\/{rel}","templated":true}]}}

IKW megnyitása 2026. szeptember 12.

<p>Eröffnung der Interkulturellen Wochen auf dem Markt in Chemnitz.</p>
<p>Egyesületünk standdal mutatkozik be.</p>
<p>Kivonat a programfüzetből – hamarosan következik.</p>
<p>&nbsp;</p>
<p><em>A kultúraközi heteket Chemnitzben a migrációs megbízott vezeti, szoros együttműködésben a migrációs tanácsadó testülettel, a szociális hivatalral, az AGIUA e. V. migrációs szociális és ifjúsági munkával foglalkozó egyesülettel, az akCente e. V. egyesülethez tartozó Lila Villa női központtal, valamint számos chemnitzi egyesület és kezdeményezés támogatásával.</em></p>
<p><strong>Link az IKW 2026 programhoz</strong> <u>–</u> hamarosan következik.</p>
<p>&nbsp;</p>
<p>&nbsp;</p>
<p>Minden rendezvényre a következők vonatkoznak: A rendezvényről kizárjuk azokat a személyeket, akik szélsőséges szervezetekhez tartoznak, szélsőséges szcénához kötődnek, vagy a múltban már tettek rasszista, nacionalista, antiszemita vagy más embertelen kijelentéseket. A szervezők fenntartják a jogot, hogy éljenek a házi jogukkal, és megtagadják ezektől a személyektől a rendezvényre való belépést, vagy kizárják őket onnan.</p>

<p>Eröffnung der Interkulturellen Wochen auf dem Markt in Chemnitz. Egyesületünk standdal mutatkozik be. Kivonat a programfüzetből – hamarosan következik. &nbsp; A kultúraközi heteket Chemnitzben a migrációs megbízott vezeti, szoros együttműködésben [&hellip;]</p>

<!-- This site is optimized with the Yoast SEO plugin v27.5 - https://yoast.com/product/yoast-seo-wordpress/ -->
<title>IKW megnyitása 2026. szeptember 12.</title>
<meta name="description" content="Egyesületünk bemutatkozik a Chemnitz-i piacon: látogasson el standunkhoz az IKW megnyitóján, 2026. szeptember 12-én." />
<meta name="robots" content="index, follow, max-snippet:-1, max-image-preview:large, max-video-preview:-1" />
<link rel="canonical" href="https://www.ungarn-in-sachsen.de/hu/veranstaltung/ikw-megnyitasa-2026-szeptember-12/" />
<meta property="og:locale" content="hu_HU" />
<meta property="og:type" content="article" />
<meta property="og:title" content="IKW megnyitása 2026. szeptember 12." />
<meta property="og:description" content="Egyesületünk bemutatkozik a Chemnitz-i piacon: látogasson el standunkhoz az IKW megnyitóján, 2026. szeptember 12-én." />
<meta property="og:url" content="https://www.ungarn-in-sachsen.de/hu/veranstaltung/ikw-megnyitasa-2026-szeptember-12/" />
<meta property="og:site_name" content="Ungarischer Kulturverein Chemnitz und Umgebung e. V." />
<meta property="article:publisher" content="https://www.facebook.com/Ungarischer-Kulturverein-Chemnitz-und-Umgebung-eV-229421257171599/" />
<meta name="twitter:card" content="summary_large_image" />
<meta name="twitter:label1" content="Becsült olvasási idő" />
	<meta name="twitter:data1" content="1 perc" />
<script type="application/ld+json" class="yoast-schema-graph">{"@context":"https:\/\/schema.org","@graph":[{"@type":"WebPage","@id":"https:\/\/www.ungarn-in-sachsen.de\/hu\/veranstaltung\/ikw-megnyitasa-2026-szeptember-12\/","url":"https:\/\/www.ungarn-in-sachsen.de\/hu\/veranstaltung\/ikw-megnyitasa-2026-szeptember-12\/","name":"IKW megnyitása 2026. szeptember 12.","isPartOf":{"@id":"https:\/\/www.ungarn-in-sachsen.de\/hu\/#website"},"datePublished":"2026-01-03T19:17:47+00:00","description":"Egyesületünk bemutatkozik a Chemnitz-i piacon: látogasson el standunkhoz az IKW megnyitóján, 2026. szeptember 12-én.","breadcrumb":{"@id":"https:\/\/www.ungarn-in-sachsen.de\/hu\/veranstaltung\/ikw-megnyitasa-2026-szeptember-12\/#breadcrumb"},"inLanguage":"hu","potentialAction":[{"@type":"ReadAction","target":["https:\/\/www.ungarn-in-sachsen.de\/hu\/veranstaltung\/ikw-megnyitasa-2026-szeptember-12\/"]}]},{"@type":"BreadcrumbList","@id":"https:\/\/www.ungarn-in-sachsen.de\/hu\/veranstaltung\/ikw-megnyitasa-2026-szeptember-12\/#breadcrumb","itemListElement":[{"@type":"ListItem","position":1,"name":"Startseite","item":"https:\/\/www.ungarn-in-sachsen.de\/hu\/"},{"@type":"ListItem","position":2,"name":"Események","item":"https:\/\/www.ungarn-in-sachsen.de\/hu\/kalender\/"},{"@type":"ListItem","position":3,"name":"IKW megnyitása 2026. szeptember 12."}]},{"@type":"WebSite","@id":"https:\/\/www.ungarn-in-sachsen.de\/hu\/#website","url":"https:\/\/www.ungarn-in-sachsen.de\/hu\/","name":"Ungarischer Kulturverein Chemnitz und Umgebung e. V.","description":"Treffpunkt für Freunde der ungarischen Kultur","publisher":{"@id":"https:\/\/www.ungarn-in-sachsen.de\/hu\/#organization"},"potentialAction":[{"@type":"SearchAction","target":{"@type":"EntryPoint","urlTemplate":"https:\/\/www.ungarn-in-sachsen.de\/hu\/?s={search_term_string}"},"query-input":{"@type":"PropertyValueSpecification","valueRequired":true,"valueName":"search_term_string"}}],"inLanguage":"hu"},{"@type":"Organization","@id":"https:\/\/www.ungarn-in-sachsen.de\/hu\/#organization","name":"Ungarischer Kulturverein Chemnitz und Umgebung e.V.","url":"https:\/\/www.ungarn-in-sachsen.de\/hu\/","logo":{"@type":"ImageObject","inLanguage":"hu","@id":"https:\/\/www.ungarn-in-sachsen.de\/hu\/#\/schema\/logo\/image\/","url":"https:\/\/www.ungarn-in-sachsen.de\/wp-content\/uploads\/2019\/04\/logo.jpg","contentUrl":"https:\/\/www.ungarn-in-sachsen.de\/wp-content\/uploads\/2019\/04\/logo.jpg","width":266,"height":170,"caption":"Ungarischer Kulturverein Chemnitz und Umgebung e.V."},"image":{"@id":"https:\/\/www.ungarn-in-sachsen.de\/hu\/#\/schema\/logo\/image\/"},"sameAs":["https:\/\/www.facebook.com\/Ungarischer-Kulturverein-Chemnitz-und-Umgebung-eV-229421257171599\/"]}]}</script>
<!-- / Yoast SEO plugin. -->

Egyesületünk bemutatkozik a Chemnitz-i piacon: látogasson el standunkhoz az IKW megnyitóján, 2026. szeptember 12-én.

Események

Treffpunkt für Freunde der ungarischen Kultur
