{"id":36064,"date":"2026-01-03T20:22:41","date_gmt":"2026-01-03T19:22:41","guid":{"rendered":"https:\/\/www.ungarn-in-sachsen.de\/veranstaltung\/szokincs-2026-szeptember-21-en\/"},"modified":"2026-01-03T20:22:41","modified_gmt":"2026-01-03T19:22:41","slug":"szokincs-2026-szeptember-21-en","status":"publish","type":"tribe_events","link":"https:\/\/www.ungarn-in-sachsen.de\/hu\/veranstaltung\/szokincs-2026-szeptember-21-en\/","title":{"rendered":"Sz\u00f3Kincs 2026. Szeptember 21-\u00e9n"},"content":{"rendered":"<h2><strong>Sz\u00f3Kincs 2026<\/strong><\/h2>\n<p class=\"p2\">A R\u00c9SZLETEK M\u00c9G K\u00d6ZZ\u00c9T\u00c9TELRE KER\u00dcLNEK.<\/p>\n<p>&nbsp;<\/p>\n<p>&nbsp;<\/p>\n<p>Minden rendezv\u00e9nyre a k\u00f6vetkez\u0151k vonatkoznak: A rendezv\u00e9nyr\u0151l kiz\u00e1rjuk azokat a szem\u00e9lyeket, akik sz\u00e9ls\u0151s\u00e9ges szervezetekhez tartoznak, sz\u00e9ls\u0151s\u00e9ges szc\u00e9n\u00e1hoz k\u00f6t\u0151dnek, vagy a m\u00faltban m\u00e1r tettek rasszista, nacionalista, antiszemita vagy m\u00e1s embertelen kijelent\u00e9seket. A szervez\u0151k fenntartj\u00e1k a jogot, hogy \u00e9ljenek a h\u00e1zi jogukkal, \u00e9s megtagadj\u00e1k ezekt\u0151l a szem\u00e9lyekt\u0151l a rendezv\u00e9nyre val\u00f3 bel\u00e9p\u00e9st, vagy kiz\u00e1rj\u00e1k \u0151ket onnan.<\/p>\n","protected":false},"excerpt":{"rendered":"<p>Sz\u00f3Kincs 2026 A R\u00c9SZLETEK M\u00c9G K\u00d6ZZ\u00c9T\u00c9TELRE KER\u00dcLNEK. &nbsp; &nbsp; Minden rendezv\u00e9nyre a k\u00f6vetkez\u0151k vonatkoznak: A rendezv\u00e9nyr\u0151l kiz\u00e1rjuk azokat a szem\u00e9lyeket, akik sz\u00e9ls\u0151s\u00e9ges szervezetekhez tartoznak, sz\u00e9ls\u0151s\u00e9ges szc\u00e9n\u00e1hoz k\u00f6t\u0151dnek, vagy a m\u00faltban [&hellip;]<\/p>\n","protected":false},"author":7,"featured_media":0,"template":"","meta":{"_et_pb_use_builder":"","_et_pb_old_content":"","_et_gb_content_width":"","_tribe_events_status":"","_tribe_events_status_reason":"","footnotes":""},"tags":[],"tribe_events_cat":[131],"class_list":["post-36064","tribe_events","type-tribe_events","status-publish","hentry","tribe_events_cat-rendezveny","cat_rendezveny"],"yoast_head":"<!-- This site is optimized with the Yoast SEO plugin v27.5 - https:\/\/yoast.com\/product\/yoast-seo-wordpress\/ -->\n<title>Sz\u00f3Kincs 2026. Szeptember 21-\u00e9n<\/title>\n<meta name=\"description\" content=\"Sz\u00f3Kincs 2026. Szeptember 21-\u00e9n\" \/>\n<meta name=\"robots\" content=\"index, follow, max-snippet:-1, max-image-preview:large, max-video-preview:-1\" \/>\n<link rel=\"canonical\" href=\"https:\/\/www.ungarn-in-sachsen.de\/hu\/veranstaltung\/szokincs-2026-szeptember-21-en\/\" \/>\n<meta property=\"og:locale\" content=\"hu_HU\" \/>\n<meta property=\"og:type\" content=\"article\" \/>\n<meta property=\"og:title\" content=\"Sz\u00f3Kincs 2026. Szeptember 21-\u00e9n\" \/>\n<meta property=\"og:description\" content=\"Sz\u00f3Kincs 2026. Szeptember 21-\u00e9n\" \/>\n<meta property=\"og:url\" content=\"https:\/\/www.ungarn-in-sachsen.de\/hu\/veranstaltung\/szokincs-2026-szeptember-21-en\/\" \/>\n<meta property=\"og:site_name\" content=\"Ungarischer Kulturverein Chemnitz und Umgebung e. V.\" \/>\n<meta property=\"article:publisher\" content=\"https:\/\/www.facebook.com\/Ungarischer-Kulturverein-Chemnitz-und-Umgebung-eV-229421257171599\/\" \/>\n<meta name=\"twitter:card\" content=\"summary_large_image\" \/>\n<meta name=\"twitter:label1\" content=\"Becs\u00fclt olvas\u00e1si id\u0151\" \/>\n\t<meta name=\"twitter:data1\" content=\"1 perc\" \/>\n<script type=\"application\/ld+json\" class=\"yoast-schema-graph\">{\"@context\":\"https:\\\/\\\/schema.org\",\"@graph\":[{\"@type\":\"WebPage\",\"@id\":\"https:\\\/\\\/www.ungarn-in-sachsen.de\\\/hu\\\/veranstaltung\\\/szokincs-2026-szeptember-21-en\\\/\",\"url\":\"https:\\\/\\\/www.ungarn-in-sachsen.de\\\/hu\\\/veranstaltung\\\/szokincs-2026-szeptember-21-en\\\/\",\"name\":\"Sz\u00f3Kincs 2026. Szeptember 21-\u00e9n\",\"isPartOf\":{\"@id\":\"https:\\\/\\\/www.ungarn-in-sachsen.de\\\/hu\\\/#website\"},\"datePublished\":\"2026-01-03T19:22:41+00:00\",\"description\":\"Sz\u00f3Kincs 2026. Szeptember 21-\u00e9n\",\"breadcrumb\":{\"@id\":\"https:\\\/\\\/www.ungarn-in-sachsen.de\\\/hu\\\/veranstaltung\\\/szokincs-2026-szeptember-21-en\\\/#breadcrumb\"},\"inLanguage\":\"hu\",\"potentialAction\":[{\"@type\":\"ReadAction\",\"target\":[\"https:\\\/\\\/www.ungarn-in-sachsen.de\\\/hu\\\/veranstaltung\\\/szokincs-2026-szeptember-21-en\\\/\"]}]},{\"@type\":\"BreadcrumbList\",\"@id\":\"https:\\\/\\\/www.ungarn-in-sachsen.de\\\/hu\\\/veranstaltung\\\/szokincs-2026-szeptember-21-en\\\/#breadcrumb\",\"itemListElement\":[{\"@type\":\"ListItem\",\"position\":1,\"name\":\"Startseite\",\"item\":\"https:\\\/\\\/www.ungarn-in-sachsen.de\\\/hu\\\/\"},{\"@type\":\"ListItem\",\"position\":2,\"name\":\"Esem\u00e9nyek\",\"item\":\"https:\\\/\\\/www.ungarn-in-sachsen.de\\\/hu\\\/kalender\\\/\"},{\"@type\":\"ListItem\",\"position\":3,\"name\":\"Sz\u00f3Kincs 2026. Szeptember 21-\u00e9n\"}]},{\"@type\":\"WebSite\",\"@id\":\"https:\\\/\\\/www.ungarn-in-sachsen.de\\\/hu\\\/#website\",\"url\":\"https:\\\/\\\/www.ungarn-in-sachsen.de\\\/hu\\\/\",\"name\":\"Ungarischer Kulturverein Chemnitz und Umgebung e. V.\",\"description\":\"Treffpunkt f\u00fcr Freunde der ungarischen Kultur\",\"publisher\":{\"@id\":\"https:\\\/\\\/www.ungarn-in-sachsen.de\\\/hu\\\/#organization\"},\"potentialAction\":[{\"@type\":\"SearchAction\",\"target\":{\"@type\":\"EntryPoint\",\"urlTemplate\":\"https:\\\/\\\/www.ungarn-in-sachsen.de\\\/hu\\\/?s={search_term_string}\"},\"query-input\":{\"@type\":\"PropertyValueSpecification\",\"valueRequired\":true,\"valueName\":\"search_term_string\"}}],\"inLanguage\":\"hu\"},{\"@type\":\"Organization\",\"@id\":\"https:\\\/\\\/www.ungarn-in-sachsen.de\\\/hu\\\/#organization\",\"name\":\"Ungarischer Kulturverein Chemnitz und Umgebung e.V.\",\"url\":\"https:\\\/\\\/www.ungarn-in-sachsen.de\\\/hu\\\/\",\"logo\":{\"@type\":\"ImageObject\",\"inLanguage\":\"hu\",\"@id\":\"https:\\\/\\\/www.ungarn-in-sachsen.de\\\/hu\\\/#\\\/schema\\\/logo\\\/image\\\/\",\"url\":\"https:\\\/\\\/www.ungarn-in-sachsen.de\\\/wp-content\\\/uploads\\\/2019\\\/04\\\/logo.jpg\",\"contentUrl\":\"https:\\\/\\\/www.ungarn-in-sachsen.de\\\/wp-content\\\/uploads\\\/2019\\\/04\\\/logo.jpg\",\"width\":266,\"height\":170,\"caption\":\"Ungarischer Kulturverein Chemnitz und Umgebung e.V.\"},\"image\":{\"@id\":\"https:\\\/\\\/www.ungarn-in-sachsen.de\\\/hu\\\/#\\\/schema\\\/logo\\\/image\\\/\"},\"sameAs\":[\"https:\\\/\\\/www.facebook.com\\\/Ungarischer-Kulturverein-Chemnitz-und-Umgebung-eV-229421257171599\\\/\"]}]}<\/script>\n<!-- \/ Yoast SEO plugin. -->","yoast_head_json":{"title":"Sz\u00f3Kincs 2026. Szeptember 21-\u00e9n","description":"Sz\u00f3Kincs 2026. Szeptember 21-\u00e9n","robots":{"index":"index","follow":"follow","max-snippet":"max-snippet:-1","max-image-preview":"max-image-preview:large","max-video-preview":"max-video-preview:-1"},"canonical":"https:\/\/www.ungarn-in-sachsen.de\/hu\/veranstaltung\/szokincs-2026-szeptember-21-en\/","og_locale":"hu_HU","og_type":"article","og_title":"Sz\u00f3Kincs 2026. Szeptember 21-\u00e9n","og_description":"Sz\u00f3Kincs 2026. Szeptember 21-\u00e9n","og_url":"https:\/\/www.ungarn-in-sachsen.de\/hu\/veranstaltung\/szokincs-2026-szeptember-21-en\/","og_site_name":"Ungarischer Kulturverein Chemnitz und Umgebung e. V.","article_publisher":"https:\/\/www.facebook.com\/Ungarischer-Kulturverein-Chemnitz-und-Umgebung-eV-229421257171599\/","twitter_card":"summary_large_image","twitter_misc":{"Becs\u00fclt olvas\u00e1si id\u0151":"1 perc"},"schema":{"@context":"https:\/\/schema.org","@graph":[{"@type":"WebPage","@id":"https:\/\/www.ungarn-in-sachsen.de\/hu\/veranstaltung\/szokincs-2026-szeptember-21-en\/","url":"https:\/\/www.ungarn-in-sachsen.de\/hu\/veranstaltung\/szokincs-2026-szeptember-21-en\/","name":"Sz\u00f3Kincs 2026. Szeptember 21-\u00e9n","isPartOf":{"@id":"https:\/\/www.ungarn-in-sachsen.de\/hu\/#website"},"datePublished":"2026-01-03T19:22:41+00:00","description":"Sz\u00f3Kincs 2026. Szeptember 21-\u00e9n","breadcrumb":{"@id":"https:\/\/www.ungarn-in-sachsen.de\/hu\/veranstaltung\/szokincs-2026-szeptember-21-en\/#breadcrumb"},"inLanguage":"hu","potentialAction":[{"@type":"ReadAction","target":["https:\/\/www.ungarn-in-sachsen.de\/hu\/veranstaltung\/szokincs-2026-szeptember-21-en\/"]}]},{"@type":"BreadcrumbList","@id":"https:\/\/www.ungarn-in-sachsen.de\/hu\/veranstaltung\/szokincs-2026-szeptember-21-en\/#breadcrumb","itemListElement":[{"@type":"ListItem","position":1,"name":"Startseite","item":"https:\/\/www.ungarn-in-sachsen.de\/hu\/"},{"@type":"ListItem","position":2,"name":"Esem\u00e9nyek","item":"https:\/\/www.ungarn-in-sachsen.de\/hu\/kalender\/"},{"@type":"ListItem","position":3,"name":"Sz\u00f3Kincs 2026. Szeptember 21-\u00e9n"}]},{"@type":"WebSite","@id":"https:\/\/www.ungarn-in-sachsen.de\/hu\/#website","url":"https:\/\/www.ungarn-in-sachsen.de\/hu\/","name":"Ungarischer Kulturverein Chemnitz und Umgebung e. V.","description":"Treffpunkt f\u00fcr Freunde der ungarischen Kultur","publisher":{"@id":"https:\/\/www.ungarn-in-sachsen.de\/hu\/#organization"},"potentialAction":[{"@type":"SearchAction","target":{"@type":"EntryPoint","urlTemplate":"https:\/\/www.ungarn-in-sachsen.de\/hu\/?s={search_term_string}"},"query-input":{"@type":"PropertyValueSpecification","valueRequired":true,"valueName":"search_term_string"}}],"inLanguage":"hu"},{"@type":"Organization","@id":"https:\/\/www.ungarn-in-sachsen.de\/hu\/#organization","name":"Ungarischer Kulturverein Chemnitz und Umgebung e.V.","url":"https:\/\/www.ungarn-in-sachsen.de\/hu\/","logo":{"@type":"ImageObject","inLanguage":"hu","@id":"https:\/\/www.ungarn-in-sachsen.de\/hu\/#\/schema\/logo\/image\/","url":"https:\/\/www.ungarn-in-sachsen.de\/wp-content\/uploads\/2019\/04\/logo.jpg","contentUrl":"https:\/\/www.ungarn-in-sachsen.de\/wp-content\/uploads\/2019\/04\/logo.jpg","width":266,"height":170,"caption":"Ungarischer Kulturverein Chemnitz und Umgebung e.V."},"image":{"@id":"https:\/\/www.ungarn-in-sachsen.de\/hu\/#\/schema\/logo\/image\/"},"sameAs":["https:\/\/www.facebook.com\/Ungarischer-Kulturverein-Chemnitz-und-Umgebung-eV-229421257171599\/"]}]}},"_links":{"self":[{"href":"https:\/\/www.ungarn-in-sachsen.de\/hu\/wp-json\/wp\/v2\/tribe_events\/36064","targetHints":{"allow":["GET"]}}],"collection":[{"href":"https:\/\/www.ungarn-in-sachsen.de\/hu\/wp-json\/wp\/v2\/tribe_events"}],"about":[{"href":"https:\/\/www.ungarn-in-sachsen.de\/hu\/wp-json\/wp\/v2\/types\/tribe_events"}],"author":[{"embeddable":true,"href":"https:\/\/www.ungarn-in-sachsen.de\/hu\/wp-json\/wp\/v2\/users\/7"}],"version-history":[{"count":0,"href":"https:\/\/www.ungarn-in-sachsen.de\/hu\/wp-json\/wp\/v2\/tribe_events\/36064\/revisions"}],"wp:attachment":[{"href":"https:\/\/www.ungarn-in-sachsen.de\/hu\/wp-json\/wp\/v2\/media?parent=36064"}],"wp:term":[{"taxonomy":"post_tag","embeddable":true,"href":"https:\/\/www.ungarn-in-sachsen.de\/hu\/wp-json\/wp\/v2\/tags?post=36064"},{"taxonomy":"tribe_events_cat","embeddable":true,"href":"https:\/\/www.ungarn-in-sachsen.de\/hu\/wp-json\/wp\/v2\/tribe_events_cat?post=36064"}],"curies":[{"name":"wp","href":"https:\/\/api.w.org\/{rel}","templated":true}]}}

SzóKincs 2026. Szeptember 21-én

<h2><strong>SzóKincs 2026</strong></h2>
<p class="p2">A RÉSZLETEK MÉG KÖZZÉTÉTELRE KERÜLNEK.</p>
<p>&nbsp;</p>
<p>&nbsp;</p>
<p>Minden rendezvényre a következők vonatkoznak: A rendezvényről kizárjuk azokat a személyeket, akik szélsőséges szervezetekhez tartoznak, szélsőséges szcénához kötődnek, vagy a múltban már tettek rasszista, nacionalista, antiszemita vagy más embertelen kijelentéseket. A szervezők fenntartják a jogot, hogy éljenek a házi jogukkal, és megtagadják ezektől a személyektől a rendezvényre való belépést, vagy kizárják őket onnan.</p>

<p>SzóKincs 2026 A RÉSZLETEK MÉG KÖZZÉTÉTELRE KERÜLNEK. &nbsp; &nbsp; Minden rendezvényre a következők vonatkoznak: A rendezvényről kizárjuk azokat a személyeket, akik szélsőséges szervezetekhez tartoznak, szélsőséges szcénához kötődnek, vagy a múltban [&hellip;]</p>

<!-- This site is optimized with the Yoast SEO plugin v27.5 - https://yoast.com/product/yoast-seo-wordpress/ -->
<title>SzóKincs 2026. Szeptember 21-én</title>
<meta name="description" content="SzóKincs 2026. Szeptember 21-én" />
<meta name="robots" content="index, follow, max-snippet:-1, max-image-preview:large, max-video-preview:-1" />
<link rel="canonical" href="https://www.ungarn-in-sachsen.de/hu/veranstaltung/szokincs-2026-szeptember-21-en/" />
<meta property="og:locale" content="hu_HU" />
<meta property="og:type" content="article" />
<meta property="og:title" content="SzóKincs 2026. Szeptember 21-én" />
<meta property="og:description" content="SzóKincs 2026. Szeptember 21-én" />
<meta property="og:url" content="https://www.ungarn-in-sachsen.de/hu/veranstaltung/szokincs-2026-szeptember-21-en/" />
<meta property="og:site_name" content="Ungarischer Kulturverein Chemnitz und Umgebung e. V." />
<meta property="article:publisher" content="https://www.facebook.com/Ungarischer-Kulturverein-Chemnitz-und-Umgebung-eV-229421257171599/" />
<meta name="twitter:card" content="summary_large_image" />
<meta name="twitter:label1" content="Becsült olvasási idő" />
	<meta name="twitter:data1" content="1 perc" />
<script type="application/ld+json" class="yoast-schema-graph">{"@context":"https:\/\/schema.org","@graph":[{"@type":"WebPage","@id":"https:\/\/www.ungarn-in-sachsen.de\/hu\/veranstaltung\/szokincs-2026-szeptember-21-en\/","url":"https:\/\/www.ungarn-in-sachsen.de\/hu\/veranstaltung\/szokincs-2026-szeptember-21-en\/","name":"SzóKincs 2026. Szeptember 21-én","isPartOf":{"@id":"https:\/\/www.ungarn-in-sachsen.de\/hu\/#website"},"datePublished":"2026-01-03T19:22:41+00:00","description":"SzóKincs 2026. Szeptember 21-én","breadcrumb":{"@id":"https:\/\/www.ungarn-in-sachsen.de\/hu\/veranstaltung\/szokincs-2026-szeptember-21-en\/#breadcrumb"},"inLanguage":"hu","potentialAction":[{"@type":"ReadAction","target":["https:\/\/www.ungarn-in-sachsen.de\/hu\/veranstaltung\/szokincs-2026-szeptember-21-en\/"]}]},{"@type":"BreadcrumbList","@id":"https:\/\/www.ungarn-in-sachsen.de\/hu\/veranstaltung\/szokincs-2026-szeptember-21-en\/#breadcrumb","itemListElement":[{"@type":"ListItem","position":1,"name":"Startseite","item":"https:\/\/www.ungarn-in-sachsen.de\/hu\/"},{"@type":"ListItem","position":2,"name":"Események","item":"https:\/\/www.ungarn-in-sachsen.de\/hu\/kalender\/"},{"@type":"ListItem","position":3,"name":"SzóKincs 2026. Szeptember 21-én"}]},{"@type":"WebSite","@id":"https:\/\/www.ungarn-in-sachsen.de\/hu\/#website","url":"https:\/\/www.ungarn-in-sachsen.de\/hu\/","name":"Ungarischer Kulturverein Chemnitz und Umgebung e. V.","description":"Treffpunkt für Freunde der ungarischen Kultur","publisher":{"@id":"https:\/\/www.ungarn-in-sachsen.de\/hu\/#organization"},"potentialAction":[{"@type":"SearchAction","target":{"@type":"EntryPoint","urlTemplate":"https:\/\/www.ungarn-in-sachsen.de\/hu\/?s={search_term_string}"},"query-input":{"@type":"PropertyValueSpecification","valueRequired":true,"valueName":"search_term_string"}}],"inLanguage":"hu"},{"@type":"Organization","@id":"https:\/\/www.ungarn-in-sachsen.de\/hu\/#organization","name":"Ungarischer Kulturverein Chemnitz und Umgebung e.V.","url":"https:\/\/www.ungarn-in-sachsen.de\/hu\/","logo":{"@type":"ImageObject","inLanguage":"hu","@id":"https:\/\/www.ungarn-in-sachsen.de\/hu\/#\/schema\/logo\/image\/","url":"https:\/\/www.ungarn-in-sachsen.de\/wp-content\/uploads\/2019\/04\/logo.jpg","contentUrl":"https:\/\/www.ungarn-in-sachsen.de\/wp-content\/uploads\/2019\/04\/logo.jpg","width":266,"height":170,"caption":"Ungarischer Kulturverein Chemnitz und Umgebung e.V."},"image":{"@id":"https:\/\/www.ungarn-in-sachsen.de\/hu\/#\/schema\/logo\/image\/"},"sameAs":["https:\/\/www.facebook.com\/Ungarischer-Kulturverein-Chemnitz-und-Umgebung-eV-229421257171599\/"]}]}</script>
<!-- / Yoast SEO plugin. -->

Események

Treffpunkt für Freunde der ungarischen Kultur
