{"id":36067,"date":"2026-01-03T20:30:13","date_gmt":"2026-01-03T19:30:13","guid":{"rendered":"https:\/\/www.ungarn-in-sachsen.de\/veranstaltung\/szalonnasuetes-ciganyzenevel-2026-junius-20-an\/"},"modified":"2026-04-01T22:51:31","modified_gmt":"2026-04-01T20:51:31","slug":"szalonnasuetes-ciganyzenevel-2026-junius-20-an","status":"publish","type":"tribe_events","link":"https:\/\/www.ungarn-in-sachsen.de\/hu\/veranstaltung\/szalonnasuetes-ciganyzenevel-2026-junius-20-an\/","title":{"rendered":"Ny\u00e1ri \u00fcnneps\u00e9g szalonna s\u00fct\u00e9ssel 2026. augusztus 21-\u00e9n"},"content":{"rendered":"<h1 style=\"text-align: center;\"><strong>Ny\u00e1ri \u00fcnneps\u00e9g szalonna s\u00fct\u00e9ssel<\/strong><\/h1>\n<h3 style=\"text-align: center;\"><strong>2026. augusztus 21-\u00e9n, p\u00e9nteken 16:00 \u00f3rakor<br \/>\na Bety\u00e1r Cs\u00e1rda s\u00f6rkertj\u00e9ben<\/strong><\/h3>\n<p>&nbsp;<\/p>\n<p>A R\u00c9SZLETEK M\u00c9G K\u00d6ZZ\u00c9T\u00c9TELRE KER\u00dcLNEK.<\/p>\n","protected":false},"excerpt":{"rendered":"<p>Ny\u00e1ri \u00fcnneps\u00e9g szalonna s\u00fct\u00e9ssel 2026. augusztus 21-\u00e9n, p\u00e9nteken 16:00 \u00f3rakor a Bety\u00e1r Cs\u00e1rda s\u00f6rkertj\u00e9ben &nbsp; A R\u00c9SZLETEK M\u00c9G K\u00d6ZZ\u00c9T\u00c9TELRE KER\u00dcLNEK.<\/p>\n","protected":false},"author":7,"featured_media":0,"template":"","meta":{"_et_pb_use_builder":"","_et_pb_old_content":"","_et_gb_content_width":"","_tribe_events_status":"","_tribe_events_status_reason":"","footnotes":""},"tags":[],"tribe_events_cat":[131],"class_list":["post-36067","tribe_events","type-tribe_events","status-publish","hentry","tribe_events_cat-rendezveny","cat_rendezveny"],"yoast_head":"<!-- This site is optimized with the Yoast SEO plugin v27.5 - https:\/\/yoast.com\/product\/yoast-seo-wordpress\/ -->\n<title>Ny\u00e1ri \u00fcnneps\u00e9g szalonna s\u00fct\u00e9ssel 2026. augusztus 21-\u00e9n<\/title>\n<meta name=\"description\" content=\"Ny\u00e1ri \u00fcnneps\u00e9g szalonna s\u00fct\u00e9ssel 2026. augusztus 21-\u00e9n a Chemnitz \u00e9s k\u00f6rny\u00e9ke Magyar Kultur\u00e1lis Egyes\u00fclet tagjainak \u00e9s vend\u00e9geinek r\u00e9szv\u00e9tel\u00e9vel\" \/>\n<meta name=\"robots\" content=\"index, follow, max-snippet:-1, max-image-preview:large, max-video-preview:-1\" \/>\n<link rel=\"canonical\" href=\"https:\/\/www.ungarn-in-sachsen.de\/hu\/veranstaltung\/szalonnasuetes-ciganyzenevel-2026-junius-20-an\/\" \/>\n<meta property=\"og:locale\" content=\"hu_HU\" \/>\n<meta property=\"og:type\" content=\"article\" \/>\n<meta property=\"og:title\" content=\"Ny\u00e1ri \u00fcnneps\u00e9g szalonna s\u00fct\u00e9ssel 2026. augusztus 21-\u00e9n\" \/>\n<meta property=\"og:description\" content=\"Ny\u00e1ri \u00fcnneps\u00e9g szalonna s\u00fct\u00e9ssel 2026. augusztus 21-\u00e9n a Chemnitz \u00e9s k\u00f6rny\u00e9ke Magyar Kultur\u00e1lis Egyes\u00fclet tagjainak \u00e9s vend\u00e9geinek r\u00e9szv\u00e9tel\u00e9vel\" \/>\n<meta property=\"og:url\" content=\"https:\/\/www.ungarn-in-sachsen.de\/hu\/veranstaltung\/szalonnasuetes-ciganyzenevel-2026-junius-20-an\/\" \/>\n<meta property=\"og:site_name\" content=\"Ungarischer Kulturverein Chemnitz und Umgebung e. V.\" \/>\n<meta property=\"article:publisher\" content=\"https:\/\/www.facebook.com\/Ungarischer-Kulturverein-Chemnitz-und-Umgebung-eV-229421257171599\/\" \/>\n<meta property=\"article:modified_time\" content=\"2026-04-01T20:51:31+00:00\" \/>\n<meta name=\"twitter:card\" content=\"summary_large_image\" \/>\n<script type=\"application\/ld+json\" class=\"yoast-schema-graph\">{\"@context\":\"https:\\\/\\\/schema.org\",\"@graph\":[{\"@type\":\"WebPage\",\"@id\":\"https:\\\/\\\/www.ungarn-in-sachsen.de\\\/hu\\\/veranstaltung\\\/szalonnasuetes-ciganyzenevel-2026-junius-20-an\\\/\",\"url\":\"https:\\\/\\\/www.ungarn-in-sachsen.de\\\/hu\\\/veranstaltung\\\/szalonnasuetes-ciganyzenevel-2026-junius-20-an\\\/\",\"name\":\"Ny\u00e1ri \u00fcnneps\u00e9g szalonna s\u00fct\u00e9ssel 2026. augusztus 21-\u00e9n\",\"isPartOf\":{\"@id\":\"https:\\\/\\\/www.ungarn-in-sachsen.de\\\/hu\\\/#website\"},\"datePublished\":\"2026-01-03T19:30:13+00:00\",\"dateModified\":\"2026-04-01T20:51:31+00:00\",\"description\":\"Ny\u00e1ri \u00fcnneps\u00e9g szalonna s\u00fct\u00e9ssel 2026. augusztus 21-\u00e9n a Chemnitz \u00e9s k\u00f6rny\u00e9ke Magyar Kultur\u00e1lis Egyes\u00fclet tagjainak \u00e9s vend\u00e9geinek r\u00e9szv\u00e9tel\u00e9vel\",\"breadcrumb\":{\"@id\":\"https:\\\/\\\/www.ungarn-in-sachsen.de\\\/hu\\\/veranstaltung\\\/szalonnasuetes-ciganyzenevel-2026-junius-20-an\\\/#breadcrumb\"},\"inLanguage\":\"hu\",\"potentialAction\":[{\"@type\":\"ReadAction\",\"target\":[\"https:\\\/\\\/www.ungarn-in-sachsen.de\\\/hu\\\/veranstaltung\\\/szalonnasuetes-ciganyzenevel-2026-junius-20-an\\\/\"]}]},{\"@type\":\"BreadcrumbList\",\"@id\":\"https:\\\/\\\/www.ungarn-in-sachsen.de\\\/hu\\\/veranstaltung\\\/szalonnasuetes-ciganyzenevel-2026-junius-20-an\\\/#breadcrumb\",\"itemListElement\":[{\"@type\":\"ListItem\",\"position\":1,\"name\":\"Startseite\",\"item\":\"https:\\\/\\\/www.ungarn-in-sachsen.de\\\/hu\\\/\"},{\"@type\":\"ListItem\",\"position\":2,\"name\":\"Esem\u00e9nyek\",\"item\":\"https:\\\/\\\/www.ungarn-in-sachsen.de\\\/hu\\\/kalender\\\/\"},{\"@type\":\"ListItem\",\"position\":3,\"name\":\"Ny\u00e1ri \u00fcnneps\u00e9g szalonna s\u00fct\u00e9ssel 2026. augusztus 21-\u00e9n\"}]},{\"@type\":\"WebSite\",\"@id\":\"https:\\\/\\\/www.ungarn-in-sachsen.de\\\/hu\\\/#website\",\"url\":\"https:\\\/\\\/www.ungarn-in-sachsen.de\\\/hu\\\/\",\"name\":\"Ungarischer Kulturverein Chemnitz und Umgebung e. V.\",\"description\":\"Treffpunkt f\u00fcr Freunde der ungarischen Kultur\",\"publisher\":{\"@id\":\"https:\\\/\\\/www.ungarn-in-sachsen.de\\\/hu\\\/#organization\"},\"potentialAction\":[{\"@type\":\"SearchAction\",\"target\":{\"@type\":\"EntryPoint\",\"urlTemplate\":\"https:\\\/\\\/www.ungarn-in-sachsen.de\\\/hu\\\/?s={search_term_string}\"},\"query-input\":{\"@type\":\"PropertyValueSpecification\",\"valueRequired\":true,\"valueName\":\"search_term_string\"}}],\"inLanguage\":\"hu\"},{\"@type\":\"Organization\",\"@id\":\"https:\\\/\\\/www.ungarn-in-sachsen.de\\\/hu\\\/#organization\",\"name\":\"Ungarischer Kulturverein Chemnitz und Umgebung e.V.\",\"url\":\"https:\\\/\\\/www.ungarn-in-sachsen.de\\\/hu\\\/\",\"logo\":{\"@type\":\"ImageObject\",\"inLanguage\":\"hu\",\"@id\":\"https:\\\/\\\/www.ungarn-in-sachsen.de\\\/hu\\\/#\\\/schema\\\/logo\\\/image\\\/\",\"url\":\"https:\\\/\\\/www.ungarn-in-sachsen.de\\\/wp-content\\\/uploads\\\/2019\\\/04\\\/logo.jpg\",\"contentUrl\":\"https:\\\/\\\/www.ungarn-in-sachsen.de\\\/wp-content\\\/uploads\\\/2019\\\/04\\\/logo.jpg\",\"width\":266,\"height\":170,\"caption\":\"Ungarischer Kulturverein Chemnitz und Umgebung e.V.\"},\"image\":{\"@id\":\"https:\\\/\\\/www.ungarn-in-sachsen.de\\\/hu\\\/#\\\/schema\\\/logo\\\/image\\\/\"},\"sameAs\":[\"https:\\\/\\\/www.facebook.com\\\/Ungarischer-Kulturverein-Chemnitz-und-Umgebung-eV-229421257171599\\\/\"]}]}<\/script>\n<!-- \/ Yoast SEO plugin. -->","yoast_head_json":{"title":"Ny\u00e1ri \u00fcnneps\u00e9g szalonna s\u00fct\u00e9ssel 2026. augusztus 21-\u00e9n","description":"Ny\u00e1ri \u00fcnneps\u00e9g szalonna s\u00fct\u00e9ssel 2026. augusztus 21-\u00e9n a Chemnitz \u00e9s k\u00f6rny\u00e9ke Magyar Kultur\u00e1lis Egyes\u00fclet tagjainak \u00e9s vend\u00e9geinek r\u00e9szv\u00e9tel\u00e9vel","robots":{"index":"index","follow":"follow","max-snippet":"max-snippet:-1","max-image-preview":"max-image-preview:large","max-video-preview":"max-video-preview:-1"},"canonical":"https:\/\/www.ungarn-in-sachsen.de\/hu\/veranstaltung\/szalonnasuetes-ciganyzenevel-2026-junius-20-an\/","og_locale":"hu_HU","og_type":"article","og_title":"Ny\u00e1ri \u00fcnneps\u00e9g szalonna s\u00fct\u00e9ssel 2026. augusztus 21-\u00e9n","og_description":"Ny\u00e1ri \u00fcnneps\u00e9g szalonna s\u00fct\u00e9ssel 2026. augusztus 21-\u00e9n a Chemnitz \u00e9s k\u00f6rny\u00e9ke Magyar Kultur\u00e1lis Egyes\u00fclet tagjainak \u00e9s vend\u00e9geinek r\u00e9szv\u00e9tel\u00e9vel","og_url":"https:\/\/www.ungarn-in-sachsen.de\/hu\/veranstaltung\/szalonnasuetes-ciganyzenevel-2026-junius-20-an\/","og_site_name":"Ungarischer Kulturverein Chemnitz und Umgebung e. V.","article_publisher":"https:\/\/www.facebook.com\/Ungarischer-Kulturverein-Chemnitz-und-Umgebung-eV-229421257171599\/","article_modified_time":"2026-04-01T20:51:31+00:00","twitter_card":"summary_large_image","schema":{"@context":"https:\/\/schema.org","@graph":[{"@type":"WebPage","@id":"https:\/\/www.ungarn-in-sachsen.de\/hu\/veranstaltung\/szalonnasuetes-ciganyzenevel-2026-junius-20-an\/","url":"https:\/\/www.ungarn-in-sachsen.de\/hu\/veranstaltung\/szalonnasuetes-ciganyzenevel-2026-junius-20-an\/","name":"Ny\u00e1ri \u00fcnneps\u00e9g szalonna s\u00fct\u00e9ssel 2026. augusztus 21-\u00e9n","isPartOf":{"@id":"https:\/\/www.ungarn-in-sachsen.de\/hu\/#website"},"datePublished":"2026-01-03T19:30:13+00:00","dateModified":"2026-04-01T20:51:31+00:00","description":"Ny\u00e1ri \u00fcnneps\u00e9g szalonna s\u00fct\u00e9ssel 2026. augusztus 21-\u00e9n a Chemnitz \u00e9s k\u00f6rny\u00e9ke Magyar Kultur\u00e1lis Egyes\u00fclet tagjainak \u00e9s vend\u00e9geinek r\u00e9szv\u00e9tel\u00e9vel","breadcrumb":{"@id":"https:\/\/www.ungarn-in-sachsen.de\/hu\/veranstaltung\/szalonnasuetes-ciganyzenevel-2026-junius-20-an\/#breadcrumb"},"inLanguage":"hu","potentialAction":[{"@type":"ReadAction","target":["https:\/\/www.ungarn-in-sachsen.de\/hu\/veranstaltung\/szalonnasuetes-ciganyzenevel-2026-junius-20-an\/"]}]},{"@type":"BreadcrumbList","@id":"https:\/\/www.ungarn-in-sachsen.de\/hu\/veranstaltung\/szalonnasuetes-ciganyzenevel-2026-junius-20-an\/#breadcrumb","itemListElement":[{"@type":"ListItem","position":1,"name":"Startseite","item":"https:\/\/www.ungarn-in-sachsen.de\/hu\/"},{"@type":"ListItem","position":2,"name":"Esem\u00e9nyek","item":"https:\/\/www.ungarn-in-sachsen.de\/hu\/kalender\/"},{"@type":"ListItem","position":3,"name":"Ny\u00e1ri \u00fcnneps\u00e9g szalonna s\u00fct\u00e9ssel 2026. augusztus 21-\u00e9n"}]},{"@type":"WebSite","@id":"https:\/\/www.ungarn-in-sachsen.de\/hu\/#website","url":"https:\/\/www.ungarn-in-sachsen.de\/hu\/","name":"Ungarischer Kulturverein Chemnitz und Umgebung e. V.","description":"Treffpunkt f\u00fcr Freunde der ungarischen Kultur","publisher":{"@id":"https:\/\/www.ungarn-in-sachsen.de\/hu\/#organization"},"potentialAction":[{"@type":"SearchAction","target":{"@type":"EntryPoint","urlTemplate":"https:\/\/www.ungarn-in-sachsen.de\/hu\/?s={search_term_string}"},"query-input":{"@type":"PropertyValueSpecification","valueRequired":true,"valueName":"search_term_string"}}],"inLanguage":"hu"},{"@type":"Organization","@id":"https:\/\/www.ungarn-in-sachsen.de\/hu\/#organization","name":"Ungarischer Kulturverein Chemnitz und Umgebung e.V.","url":"https:\/\/www.ungarn-in-sachsen.de\/hu\/","logo":{"@type":"ImageObject","inLanguage":"hu","@id":"https:\/\/www.ungarn-in-sachsen.de\/hu\/#\/schema\/logo\/image\/","url":"https:\/\/www.ungarn-in-sachsen.de\/wp-content\/uploads\/2019\/04\/logo.jpg","contentUrl":"https:\/\/www.ungarn-in-sachsen.de\/wp-content\/uploads\/2019\/04\/logo.jpg","width":266,"height":170,"caption":"Ungarischer Kulturverein Chemnitz und Umgebung e.V."},"image":{"@id":"https:\/\/www.ungarn-in-sachsen.de\/hu\/#\/schema\/logo\/image\/"},"sameAs":["https:\/\/www.facebook.com\/Ungarischer-Kulturverein-Chemnitz-und-Umgebung-eV-229421257171599\/"]}]}},"_links":{"self":[{"href":"https:\/\/www.ungarn-in-sachsen.de\/hu\/wp-json\/wp\/v2\/tribe_events\/36067","targetHints":{"allow":["GET"]}}],"collection":[{"href":"https:\/\/www.ungarn-in-sachsen.de\/hu\/wp-json\/wp\/v2\/tribe_events"}],"about":[{"href":"https:\/\/www.ungarn-in-sachsen.de\/hu\/wp-json\/wp\/v2\/types\/tribe_events"}],"author":[{"embeddable":true,"href":"https:\/\/www.ungarn-in-sachsen.de\/hu\/wp-json\/wp\/v2\/users\/7"}],"version-history":[{"count":1,"href":"https:\/\/www.ungarn-in-sachsen.de\/hu\/wp-json\/wp\/v2\/tribe_events\/36067\/revisions"}],"predecessor-version":[{"id":36100,"href":"https:\/\/www.ungarn-in-sachsen.de\/hu\/wp-json\/wp\/v2\/tribe_events\/36067\/revisions\/36100"}],"wp:attachment":[{"href":"https:\/\/www.ungarn-in-sachsen.de\/hu\/wp-json\/wp\/v2\/media?parent=36067"}],"wp:term":[{"taxonomy":"post_tag","embeddable":true,"href":"https:\/\/www.ungarn-in-sachsen.de\/hu\/wp-json\/wp\/v2\/tags?post=36067"},{"taxonomy":"tribe_events_cat","embeddable":true,"href":"https:\/\/www.ungarn-in-sachsen.de\/hu\/wp-json\/wp\/v2\/tribe_events_cat?post=36067"}],"curies":[{"name":"wp","href":"https:\/\/api.w.org\/{rel}","templated":true}]}}

Nyári ünnepség szalonna sütéssel 2026. augusztus 21-én

<h1 style="text-align: center;"><strong>Nyári ünnepség szalonna sütéssel</strong></h1>
<h3 style="text-align: center;"><strong>2026. augusztus 21-én, pénteken 16:00 órakor<br />
a Betyár Csárda sörkertjében</strong></h3>
<p>&nbsp;</p>
<p>A RÉSZLETEK MÉG KÖZZÉTÉTELRE KERÜLNEK.</p>

<p>Nyári ünnepség szalonna sütéssel 2026. augusztus 21-én, pénteken 16:00 órakor a Betyár Csárda sörkertjében &nbsp; A RÉSZLETEK MÉG KÖZZÉTÉTELRE KERÜLNEK.</p>

<!-- This site is optimized with the Yoast SEO plugin v27.5 - https://yoast.com/product/yoast-seo-wordpress/ -->
<title>Nyári ünnepség szalonna sütéssel 2026. augusztus 21-én</title>
<meta name="description" content="Nyári ünnepség szalonna sütéssel 2026. augusztus 21-én a Chemnitz és környéke Magyar Kulturális Egyesület tagjainak és vendégeinek részvételével" />
<meta name="robots" content="index, follow, max-snippet:-1, max-image-preview:large, max-video-preview:-1" />
<link rel="canonical" href="https://www.ungarn-in-sachsen.de/hu/veranstaltung/szalonnasuetes-ciganyzenevel-2026-junius-20-an/" />
<meta property="og:locale" content="hu_HU" />
<meta property="og:type" content="article" />
<meta property="og:title" content="Nyári ünnepség szalonna sütéssel 2026. augusztus 21-én" />
<meta property="og:description" content="Nyári ünnepség szalonna sütéssel 2026. augusztus 21-én a Chemnitz és környéke Magyar Kulturális Egyesület tagjainak és vendégeinek részvételével" />
<meta property="og:url" content="https://www.ungarn-in-sachsen.de/hu/veranstaltung/szalonnasuetes-ciganyzenevel-2026-junius-20-an/" />
<meta property="og:site_name" content="Ungarischer Kulturverein Chemnitz und Umgebung e. V." />
<meta property="article:publisher" content="https://www.facebook.com/Ungarischer-Kulturverein-Chemnitz-und-Umgebung-eV-229421257171599/" />
<meta property="article:modified_time" content="2026-04-01T20:51:31+00:00" />
<meta name="twitter:card" content="summary_large_image" />
<script type="application/ld+json" class="yoast-schema-graph">{"@context":"https:\/\/schema.org","@graph":[{"@type":"WebPage","@id":"https:\/\/www.ungarn-in-sachsen.de\/hu\/veranstaltung\/szalonnasuetes-ciganyzenevel-2026-junius-20-an\/","url":"https:\/\/www.ungarn-in-sachsen.de\/hu\/veranstaltung\/szalonnasuetes-ciganyzenevel-2026-junius-20-an\/","name":"Nyári ünnepség szalonna sütéssel 2026. augusztus 21-én","isPartOf":{"@id":"https:\/\/www.ungarn-in-sachsen.de\/hu\/#website"},"datePublished":"2026-01-03T19:30:13+00:00","dateModified":"2026-04-01T20:51:31+00:00","description":"Nyári ünnepség szalonna sütéssel 2026. augusztus 21-én a Chemnitz és környéke Magyar Kulturális Egyesület tagjainak és vendégeinek részvételével","breadcrumb":{"@id":"https:\/\/www.ungarn-in-sachsen.de\/hu\/veranstaltung\/szalonnasuetes-ciganyzenevel-2026-junius-20-an\/#breadcrumb"},"inLanguage":"hu","potentialAction":[{"@type":"ReadAction","target":["https:\/\/www.ungarn-in-sachsen.de\/hu\/veranstaltung\/szalonnasuetes-ciganyzenevel-2026-junius-20-an\/"]}]},{"@type":"BreadcrumbList","@id":"https:\/\/www.ungarn-in-sachsen.de\/hu\/veranstaltung\/szalonnasuetes-ciganyzenevel-2026-junius-20-an\/#breadcrumb","itemListElement":[{"@type":"ListItem","position":1,"name":"Startseite","item":"https:\/\/www.ungarn-in-sachsen.de\/hu\/"},{"@type":"ListItem","position":2,"name":"Események","item":"https:\/\/www.ungarn-in-sachsen.de\/hu\/kalender\/"},{"@type":"ListItem","position":3,"name":"Nyári ünnepség szalonna sütéssel 2026. augusztus 21-én"}]},{"@type":"WebSite","@id":"https:\/\/www.ungarn-in-sachsen.de\/hu\/#website","url":"https:\/\/www.ungarn-in-sachsen.de\/hu\/","name":"Ungarischer Kulturverein Chemnitz und Umgebung e. V.","description":"Treffpunkt für Freunde der ungarischen Kultur","publisher":{"@id":"https:\/\/www.ungarn-in-sachsen.de\/hu\/#organization"},"potentialAction":[{"@type":"SearchAction","target":{"@type":"EntryPoint","urlTemplate":"https:\/\/www.ungarn-in-sachsen.de\/hu\/?s={search_term_string}"},"query-input":{"@type":"PropertyValueSpecification","valueRequired":true,"valueName":"search_term_string"}}],"inLanguage":"hu"},{"@type":"Organization","@id":"https:\/\/www.ungarn-in-sachsen.de\/hu\/#organization","name":"Ungarischer Kulturverein Chemnitz und Umgebung e.V.","url":"https:\/\/www.ungarn-in-sachsen.de\/hu\/","logo":{"@type":"ImageObject","inLanguage":"hu","@id":"https:\/\/www.ungarn-in-sachsen.de\/hu\/#\/schema\/logo\/image\/","url":"https:\/\/www.ungarn-in-sachsen.de\/wp-content\/uploads\/2019\/04\/logo.jpg","contentUrl":"https:\/\/www.ungarn-in-sachsen.de\/wp-content\/uploads\/2019\/04\/logo.jpg","width":266,"height":170,"caption":"Ungarischer Kulturverein Chemnitz und Umgebung e.V."},"image":{"@id":"https:\/\/www.ungarn-in-sachsen.de\/hu\/#\/schema\/logo\/image\/"},"sameAs":["https:\/\/www.facebook.com\/Ungarischer-Kulturverein-Chemnitz-und-Umgebung-eV-229421257171599\/"]}]}</script>
<!-- / Yoast SEO plugin. -->

Nyári ünnepség szalonna sütéssel 2026. augusztus 21-én a Chemnitz és környéke Magyar Kulturális Egyesület tagjainak és vendégeinek részvételével

Események

Treffpunkt für Freunde der ungarischen Kultur
